CRAN Package Check Results for Package EGM

Last updated on 2025-07-02 03:50:40 CEST.

Flavor Version Tinstall Tcheck Ttotal Status Flags
r-devel-linux-x86_64-debian-clang 0.1.0 7.14 79.80 86.94 NOTE
r-devel-linux-x86_64-debian-gcc 0.1.0 4.04 55.49 59.53 NOTE
r-devel-linux-x86_64-fedora-clang 0.1.0 127.25 NOTE
r-devel-linux-x86_64-fedora-gcc 0.1.0 135.31 NOTE
r-devel-windows-x86_64 0.1.0 9.00 86.00 95.00 NOTE
r-patched-linux-x86_64 NOTE
r-release-linux-x86_64 0.1.0 5.31 71.58 76.89 NOTE
r-release-macos-arm64 0.1.0 72.00 NOTE
r-release-macos-x86_64 0.1.0 78.00 NOTE
r-release-windows-x86_64 0.1.0 8.00 87.00 95.00 NOTE
r-oldrel-macos-arm64 0.1.0 48.00 OK
r-oldrel-macos-x86_64 0.1.0 66.00 OK
r-oldrel-windows-x86_64 0.1.0 11.00 111.00 122.00 OK

Check Details

Version: 0.1.0
Check: DESCRIPTION meta-information
Result: NOTE Missing dependency on R >= 4.2.0 because package code uses the pipe placeholder syntax added in R 4.2.0. File(s) using such syntax: ‘ggm.R’ ‘wfdb-structures.R’ Flavors: r-devel-linux-x86_64-debian-clang, r-devel-linux-x86_64-debian-gcc, r-devel-linux-x86_64-fedora-clang, r-devel-linux-x86_64-fedora-gcc, r-devel-windows-x86_64, r-patched-linux-x86_64, r-release-linux-x86_64, r-release-macos-arm64, r-release-macos-x86_64, r-release-windows-x86_64

These binaries (installable software) and packages are in development.
They may not be fully stable and should be used with caution. We make no claims about them.