CRAN Package Check Results for Package EGRET

Last updated on 2025-11-12 12:53:08 CET.

Flavor Version Tinstall Tcheck Ttotal Status Flags
r-devel-linux-x86_64-debian-clang 3.0.11 11.19 187.90 199.09 NOTE
r-devel-linux-x86_64-debian-gcc 3.0.11 7.49 133.98 141.47 NOTE
r-devel-linux-x86_64-fedora-clang 3.0.11 117.00 217.17 334.17 NOTE
r-devel-linux-x86_64-fedora-gcc 3.0.11 32.00 274.86 306.86 NOTE
r-devel-windows-x86_64 3.0.11 14.00 201.00 215.00 NOTE
r-patched-linux-x86_64 3.0.11 12.28 181.12 193.40 OK
r-release-linux-x86_64 3.0.11 8.60 182.87 191.47 OK
r-release-macos-arm64 3.0.11 4.00 71.00 75.00 OK
r-release-macos-x86_64 3.0.11 10.00 260.00 270.00 OK
r-release-windows-x86_64 3.0.11 13.00 207.00 220.00 OK
r-oldrel-macos-arm64 3.0.11 6.00 88.00 94.00 OK
r-oldrel-macos-x86_64 3.0.11 11.00 196.00 207.00 OK
r-oldrel-windows-x86_64 3.0.11 18.00 271.00 289.00 OK

Check Details

Version: 3.0.11
Check: Rd files
Result: NOTE checkRd: (-1) setupYears.Rd:18-32: Only 3 columns allowed in this table (row 1 has 2) checkRd: (-1) setupYears.Rd:18-32: Only 3 columns allowed in this table (row 2 has 2) checkRd: (-1) setupYears.Rd:18-32: Only 3 columns allowed in this table (row 3 has 2) checkRd: (-1) setupYears.Rd:18-32: Only 3 columns allowed in this table (row 4 has 2) checkRd: (-1) setupYears.Rd:18-32: Only 3 columns allowed in this table (row 5 has 2) checkRd: (-1) setupYears.Rd:18-32: Only 3 columns allowed in this table (row 6 has 2) checkRd: (-1) setupYears.Rd:18-32: Only 3 columns allowed in this table (row 7 has 2) checkRd: (-1) setupYears.Rd:18-32: Only 3 columns allowed in this table (row 8 has 2) checkRd: (-1) setupYears.Rd:18-32: Only 3 columns allowed in this table (row 9 has 2) checkRd: (-1) setupYears.Rd:18-32: Only 3 columns allowed in this table (row 10 has 2) checkRd: (-1) setupYears.Rd:18-32: Only 3 columns allowed in this table (row 11 has 2) Flavors: r-devel-linux-x86_64-debian-clang, r-devel-linux-x86_64-debian-gcc, r-devel-linux-x86_64-fedora-clang, r-devel-linux-x86_64-fedora-gcc, r-devel-windows-x86_64

These binaries (installable software) and packages are in development.
They may not be fully stable and should be used with caution. We make no claims about them.