CRAN Package Check Results for Package EHRtemporalVariability

Last updated on 2025-11-11 15:50:33 CET.

Flavor Version Tinstall Tcheck Ttotal Status Flags
r-devel-linux-x86_64-debian-clang 1.2.1 5.78 95.37 101.15 OK
r-devel-linux-x86_64-debian-gcc 1.2.1 4.25 67.61 71.86 OK
r-devel-linux-x86_64-fedora-clang 1.2.1 46.00 119.93 165.93 OK
r-devel-linux-x86_64-fedora-gcc 1.2.1 18.00 146.97 164.97 OK
r-devel-windows-x86_64 1.2.1 8.00 117.00 125.00 OK
r-patched-linux-x86_64 1.2.1 6.48 89.20 95.68 OK
r-release-linux-x86_64 1.2.1 4.83 88.97 93.80 OK
r-release-macos-arm64 1.2.1 3.00 73.00 76.00 OK
r-release-macos-x86_64 1.2.1 5.00 179.00 184.00 OK
r-release-windows-x86_64 1.2.1 9.00 114.00 123.00 OK
r-oldrel-macos-arm64 1.2.1 3.00 64.00 67.00 NOTE
r-oldrel-macos-x86_64 1.2.1 4.00 89.00 93.00 NOTE
r-oldrel-windows-x86_64 1.2.1 12.00 150.00 162.00 NOTE

Additional issues

noSuggests

Check Details

Version: 1.2.1
Check: installed package size
Result: NOTE installed size is 10.4Mb sub-directories of 1Mb or more: doc 5.1Mb extdata 5.1Mb Flavors: r-oldrel-macos-arm64, r-oldrel-macos-x86_64, r-oldrel-windows-x86_64

These binaries (installable software) and packages are in development.
They may not be fully stable and should be used with caution. We make no claims about them.