CRAN Package Check Results for Package EIAapi

Last updated on 2025-05-02 16:55:36 CEST.

Flavor Version Tinstall Tcheck Ttotal Status Flags
r-devel-linux-x86_64-debian-clang 0.1.2 1.82 19.34 21.16 NOTE
r-devel-linux-x86_64-debian-gcc 0.1.2 1.52 15.83 17.35 NOTE
r-devel-linux-x86_64-fedora-clang 0.1.2 31.51 NOTE
r-devel-linux-x86_64-fedora-gcc 0.1.2 29.91 NOTE
r-devel-windows-x86_64 0.1.2 4.00 40.00 44.00 NOTE
r-patched-linux-x86_64 0.1.2 1.97 17.71 19.68 NOTE
r-release-linux-x86_64 NOTE
r-release-macos-arm64 0.1.2 20.00 NOTE
r-release-macos-x86_64 0.1.2 31.00 NOTE
r-release-windows-x86_64 0.1.2 3.00 39.00 42.00 NOTE
r-oldrel-macos-arm64 0.1.2 15.00 OK
r-oldrel-macos-x86_64 0.1.2 21.00 OK
r-oldrel-windows-x86_64 0.1.2 4.00 42.00 46.00 OK

Check Details

Version: 0.1.2
Check: DESCRIPTION meta-information
Result: NOTE Missing dependency on R >= 4.1.0 because package code uses the pipe |> or function shorthand \(...) syntax added in R 4.1.0. File(s) using such syntax: ‘backfile.R’ Flavors: r-devel-linux-x86_64-debian-clang, r-devel-linux-x86_64-debian-gcc, r-devel-linux-x86_64-fedora-clang, r-devel-linux-x86_64-fedora-gcc, r-devel-windows-x86_64, r-patched-linux-x86_64, r-release-linux-x86_64, r-release-macos-arm64, r-release-macos-x86_64, r-release-windows-x86_64

These binaries (installable software) and packages are in development.
They may not be fully stable and should be used with caution. We make no claims about them.