Last updated on 2024-07-27 15:50:16 CEST.
Flavor | Version | Tinstall | Tcheck | Ttotal | Status | Flags |
---|---|---|---|---|---|---|
r-devel-linux-x86_64-debian-clang | 0.0.1.1 | 5.12 | 54.20 | 59.32 | OK | |
r-devel-linux-x86_64-debian-gcc | 0.0.1.1 | OK | ||||
r-devel-linux-x86_64-fedora-clang | 0.0.1.1 | 83.36 | OK | |||
r-devel-linux-x86_64-fedora-gcc | 0.0.1.1 | 91.45 | OK | |||
r-devel-windows-x86_64 | 0.0.1.1 | 7.00 | 63.00 | 70.00 | OK | |
r-patched-linux-x86_64 | 0.0.1.1 | OK | ||||
r-release-linux-x86_64 | 0.0.1.1 | 5.93 | 52.86 | 58.79 | OK | |
r-release-macos-arm64 | 0.0.1.1 | 35.00 | OK | |||
r-release-macos-x86_64 | 0.0.1.1 | 64.00 | OK | |||
r-release-windows-x86_64 | 0.0.1.1 | 6.00 | 62.00 | 68.00 | OK | |
r-oldrel-macos-arm64 | 0.0.1.1 | 36.00 | ERROR | |||
r-oldrel-macos-x86_64 | 0.0.1.1 | 60.00 | ERROR | |||
r-oldrel-windows-x86_64 | 0.0.1.1 | 8.00 | 67.00 | 75.00 | OK |
Version: 0.0.1.1
Check: running R code from vignettes
Result: ERROR
Errors in running code in vignettes:
when running code in ‘EIVignette.Rmd’
...
> knitr::opts_chunk$set(echo = TRUE)
> devtools::load_all(here())
When sourcing ‘EIVignette.R’:
Error: Could not find a root 'DESCRIPTION' file that starts with '^Package' in
'/private/var/folders/k4/0jwzxmln0nb8y6rkzprptb640000gq/T/RtmpvqWhAy/filee98d75194066/vignettes'.
ℹ Are you in your project directory and does your project have a 'DESCRIPTION'
file?
Execution halted
‘EIVignette.Rmd’ using ‘UTF-8’... failed
Flavor: r-oldrel-macos-arm64
Version: 0.0.1.1
Check: running R code from vignettes
Result: ERROR
Errors in running code in vignettes:
when running code in ‘EIVignette.Rmd’
...
> knitr::opts_chunk$set(echo = TRUE)
> devtools::load_all(here())
When sourcing ‘EIVignette.R’:
Error: Could not find a root 'DESCRIPTION' file that starts with '^Package' in
'/private/var/folders/2b/t0kwbtmn3p7brv2mvx39c9cr0000gn/T/RtmpThLsYL/file15db07bed0a11/vignettes'.
ℹ Are you in your project directory and does your project have a 'DESCRIPTION'
file?
Execution halted
‘EIVignette.Rmd’ using ‘UTF-8’... failed
Flavor: r-oldrel-macos-x86_64
These binaries (installable software) and packages are in development.
They may not be fully stable and should be used with caution. We make no claims about them.