Last updated on 2025-05-01 14:49:08 CEST.
Flavor | Version | Tinstall | Tcheck | Ttotal | Status | Flags |
---|---|---|---|---|---|---|
r-devel-linux-x86_64-debian-clang | 1.2.0 | 11.48 | 203.42 | 214.90 | NOTE | |
r-devel-linux-x86_64-debian-gcc | 1.2.0 | 8.78 | 134.67 | 143.45 | OK | |
r-devel-linux-x86_64-fedora-clang | 1.2.0 | 308.48 | OK | |||
r-devel-linux-x86_64-fedora-gcc | 1.2.0 | 321.15 | OK | |||
r-devel-windows-x86_64 | 1.2.0 | 14.00 | 162.00 | 176.00 | OK | |
r-patched-linux-x86_64 | 1.2.0 | 11.81 | 172.75 | 184.56 | OK | |
r-release-linux-x86_64 | OK | |||||
r-release-macos-arm64 | 1.2.0 | 69.00 | OK | |||
r-release-macos-x86_64 | 1.2.0 | 158.00 | OK | |||
r-release-windows-x86_64 | 1.2.0 | 14.00 | 162.00 | 176.00 | OK | |
r-oldrel-macos-arm64 | 1.2.0 | 66.00 | OK | |||
r-oldrel-macos-x86_64 | 1.2.0 | 120.00 | OK | |||
r-oldrel-windows-x86_64 | 1.2.0 | 18.00 | 260.00 | 278.00 | OK |
Version: 1.2.0
Check: examples
Result: NOTE
Examples with CPU (user + system) or elapsed time > 5s
user system elapsed
importance 7.929 0.388 6.653
plot.importance 7.228 0.178 5.471
Flavor: r-devel-linux-x86_64-debian-clang
Version: 1.2.0
Check: examples
Result: NA
user system elapsed
importance 5.242 0.217 7.116
OK
Flavor: r-devel-linux-x86_64-debian-gcc
These binaries (installable software) and packages are in development.
They may not be fully stable and should be used with caution. We make no claims about them.