Last updated on 2025-10-23 21:51:25 CEST.
Flavor | Version | Tinstall | Tcheck | Ttotal | Status | Flags |
---|---|---|---|---|---|---|
r-devel-linux-x86_64-debian-clang | 0.1.8 | 3.82 | 64.01 | 67.83 | NOTE | |
r-devel-linux-x86_64-debian-gcc | 0.1.8 | 2.78 | 49.86 | 52.64 | NOTE | |
r-devel-linux-x86_64-fedora-clang | 0.1.8 | 79.02 | OK | |||
r-devel-linux-x86_64-fedora-gcc | 0.1.8 | 105.39 | OK | |||
r-devel-windows-x86_64 | 0.1.8 | 7.00 | 81.00 | 88.00 | OK | |
r-patched-linux-x86_64 | 0.1.8 | 3.90 | 62.09 | 65.99 | OK | |
r-release-linux-x86_64 | 0.1.8 | 3.67 | 62.58 | 66.25 | OK | |
r-release-macos-arm64 | 0.1.8 | 2.00 | 72.00 | 74.00 | OK | |
r-release-macos-x86_64 | 0.1.8 | 3.00 | 121.00 | 124.00 | OK | |
r-release-windows-x86_64 | 0.1.8 | 5.00 | 87.00 | 92.00 | OK | |
r-oldrel-macos-arm64 | 0.1.8 | 2.00 | 71.00 | 73.00 | OK | |
r-oldrel-macos-x86_64 | 0.1.8 | 4.00 | 128.00 | 132.00 | OK | |
r-oldrel-windows-x86_64 | 0.1.8 | 7.00 | 92.00 | 99.00 | OK |
Version: 0.1.8
Check: HTML version of manual
Result: NOTE
Found the following HTML validation problems:
rangeOD.html:46:1 (rangeOD.Rd:10): Warning: missing </ul> before </div>
Flavor: r-devel-linux-x86_64-debian-clang
Version: 0.1.8
Check: Rd files
Result: NOTE
checkRd: (-1) read.annotation.Rd:33-38: Only 8 columns allowed in this table (row 1 has 6)
checkRd: (-1) read.annotation.Rd:33-38: Only 8 columns allowed in this table (row 2 has 6)
checkRd: (-1) read.annotation.Rd:33-38: Only 8 columns allowed in this table (row 3 has 6)
checkRd: (-1) read.annotation.Rd:33-38: Only 8 columns allowed in this table (row 4 has 6)
checkRd: (-1) read.annotations.Rd:44-49: Only 8 columns allowed in this table (row 1 has 6)
checkRd: (-1) read.annotations.Rd:44-49: Only 8 columns allowed in this table (row 2 has 6)
checkRd: (-1) read.annotations.Rd:44-49: Only 8 columns allowed in this table (row 3 has 6)
checkRd: (-1) read.annotations.Rd:44-49: Only 8 columns allowed in this table (row 4 has 6)
Flavor: r-devel-linux-x86_64-debian-gcc
These binaries (installable software) and packages are in development.
They may not be fully stable and should be used with caution. We make no claims about them.