Last updated on 2025-05-01 17:56:02 CEST.
Flavor | Version | Tinstall | Tcheck | Ttotal | Status | Flags |
---|---|---|---|---|---|---|
r-devel-linux-x86_64-debian-clang | 1.7 | 12.28 | 87.34 | 99.62 | NOTE | |
r-devel-linux-x86_64-debian-gcc | 1.7 | 9.41 | 65.32 | 74.73 | NOTE | |
r-devel-linux-x86_64-fedora-clang | 1.7 | 158.51 | OK | |||
r-devel-linux-x86_64-fedora-gcc | 1.7 | 154.25 | OK | |||
r-devel-windows-x86_64 | 1.7 | 13.00 | 94.00 | 107.00 | OK | |
r-patched-linux-x86_64 | 1.7 | 12.70 | 84.42 | 97.12 | OK | |
r-release-linux-x86_64 | OK | |||||
r-release-macos-arm64 | 1.7 | 49.00 | OK | |||
r-release-macos-x86_64 | 1.7 | 74.00 | OK | |||
r-release-windows-x86_64 | 1.7 | 15.00 | 100.00 | 115.00 | OK | |
r-oldrel-macos-arm64 | 1.7 | 43.00 | OK | |||
r-oldrel-macos-x86_64 | 1.7 | 61.00 | OK | |||
r-oldrel-windows-x86_64 | 1.7 | 16.00 | 108.00 | 124.00 | OK |
Version: 1.7
Check: CRAN incoming feasibility
Result: NOTE
Maintainer: ‘Wassim Youssef <Wassim.G.Youssef@gmail.com>’
No Authors@R field in DESCRIPTION.
Please add one, modifying
Authors@R: c(person(given = "Julien",
family = "Tomas",
role = "aut"),
person(given = "Frederic",
family = "Planchet",
role = "aut"),
person(given = "Wassim",
family = "Youssef",
role = c("aut", "cre"),
email = "wassim.g.youssef@gmail.com"))
as necessary.
Flavors: r-devel-linux-x86_64-debian-clang, r-devel-linux-x86_64-debian-gcc
These binaries (installable software) and packages are in development.
They may not be fully stable and should be used with caution. We make no claims about them.