CRAN Package Check Results for Package ELYP

Last updated on 2025-07-26 07:50:21 CEST.

Flavor Version Tinstall Tcheck Ttotal Status Flags
r-devel-linux-x86_64-debian-clang 0.7-5 8.21 61.22 69.43 NOTE
r-devel-linux-x86_64-debian-gcc 0.7-5 6.05 45.53 51.58 NOTE
r-devel-linux-x86_64-fedora-clang 0.7-5 111.17 OK
r-devel-linux-x86_64-fedora-gcc 0.7-5 101.89 OK
r-devel-windows-x86_64 0.7-5 12.00 90.00 102.00 OK
r-patched-linux-x86_64 0.7-5 8.88 58.40 67.28 OK
r-release-linux-x86_64 0.7-5 7.38 58.02 65.40 OK
r-release-macos-arm64 0.7-5 37.00 OK
r-release-macos-x86_64 0.7-5 59.00 OK
r-release-windows-x86_64 0.7-5 12.00 102.00 114.00 OK
r-oldrel-macos-arm64 0.7-5 32.00 OK
r-oldrel-macos-x86_64 0.7-5 46.00 OK
r-oldrel-windows-x86_64 0.7-5 15.00 94.00 109.00 OK

Check Details

Version: 0.7-5
Check: CRAN incoming feasibility
Result: NOTE Maintainer: ‘Mai Zhou <mai@ms.uky.edu>’ No Authors@R field in DESCRIPTION. Please add one, modifying Authors@R: person(given = "Mai", family = "Zhou", role = c("aut", "cre"), email = "mai@ms.uky.edu") as necessary. Flavors: r-devel-linux-x86_64-debian-clang, r-devel-linux-x86_64-debian-gcc

These binaries (installable software) and packages are in development.
They may not be fully stable and should be used with caution. We make no claims about them.