CRAN Package Check Results for Package ELYP

Last updated on 2025-05-22 09:51:38 CEST.

Flavor Version Tinstall Tcheck Ttotal Status Flags
r-devel-linux-x86_64-debian-clang 0.7-5 7.56 60.81 68.37 NOTE
r-devel-linux-x86_64-debian-gcc 0.7-5 5.65 45.38 51.03 NOTE
r-devel-linux-x86_64-fedora-clang 0.7-5 108.22 OK
r-devel-linux-x86_64-fedora-gcc 0.7-5 101.29 OK
r-devel-windows-x86_64 0.7-5 12.00 110.00 122.00 OK
r-patched-linux-x86_64 0.7-5 7.82 57.80 65.62 OK
r-release-linux-x86_64 0.7-5 7.92 57.54 65.46 OK
r-release-macos-arm64 0.7-5 37.00 OK
r-release-macos-x86_64 0.7-5 59.00 OK
r-release-windows-x86_64 0.7-5 12.00 124.00 136.00 OK
r-oldrel-macos-arm64 0.7-5 32.00 OK
r-oldrel-macos-x86_64 0.7-5 46.00 OK
r-oldrel-windows-x86_64 0.7-5 14.00 94.00 108.00 OK

Check Details

Version: 0.7-5
Check: CRAN incoming feasibility
Result: NOTE Maintainer: ‘Mai Zhou <mai@ms.uky.edu>’ No Authors@R field in DESCRIPTION. Please add one, modifying Authors@R: person(given = "Mai", family = "Zhou", role = c("aut", "cre"), email = "mai@ms.uky.edu") as necessary. Flavors: r-devel-linux-x86_64-debian-clang, r-devel-linux-x86_64-debian-gcc

These binaries (installable software) and packages are in development.
They may not be fully stable and should be used with caution. We make no claims about them.