CRAN Package Check Results for Package EMC2

Last updated on 2025-05-01 10:50:08 CEST.

Flavor Version Tinstall Tcheck Ttotal Status Flags
r-devel-linux-x86_64-debian-clang 3.1.1 64.82 330.20 395.02 NOTE
r-devel-linux-x86_64-debian-gcc 3.1.1 46.31 213.49 259.80 OK
r-devel-linux-x86_64-fedora-clang 3.1.1 666.36 OK
r-devel-linux-x86_64-fedora-gcc 3.1.1 663.31 OK
r-devel-windows-x86_64 3.1.1 71.00 336.00 407.00 OK
r-patched-linux-x86_64 3.1.1 65.61 316.48 382.09 OK
r-release-linux-x86_64 OK
r-release-macos-arm64 3.1.1 144.00 OK
r-release-macos-x86_64 3.1.1 327.00 OK
r-release-windows-x86_64 3.1.1 75.00 339.00 414.00 OK
r-oldrel-macos-arm64 3.1.1 154.00 NOTE
r-oldrel-macos-x86_64 3.1.1 391.00 NOTE
r-oldrel-windows-x86_64 3.1.1 85.00 454.00 539.00 OK

Check Details

Version: 3.1.1
Check: examples
Result: NOTE Examples with CPU (user + system) or elapsed time > 5s user system elapsed make_emc 9.033 0.064 12.032 make_data 3.428 0.029 5.049 Flavor: r-devel-linux-x86_64-debian-clang

Version: 3.1.1
Check: examples
Result: NA user system elapsed make_emc 5.221 0.066 6.636 OK Flavor: r-devel-linux-x86_64-debian-gcc

Version: 3.1.1
Check: installed package size
Result: NOTE installed size is 9.4Mb sub-directories of 1Mb or more: doc 2.4Mb libs 5.7Mb Flavors: r-oldrel-macos-arm64, r-oldrel-macos-x86_64

These binaries (installable software) and packages are in development.
They may not be fully stable and should be used with caution. We make no claims about them.