Last updated on 2025-10-03 15:49:48 CEST.
Flavor | Version | Tinstall | Tcheck | Ttotal | Status | Flags |
---|---|---|---|---|---|---|
r-devel-linux-x86_64-debian-clang | 1.5.9 | 8.81 | 63.15 | 71.96 | NOTE | |
r-devel-linux-x86_64-debian-gcc | 1.5.9 | 5.52 | 44.53 | 50.05 | NOTE | |
r-devel-linux-x86_64-fedora-clang | 1.5.9 | 106.91 | OK | |||
r-devel-linux-x86_64-fedora-gcc | 1.5.9 | 103.64 | OK | |||
r-devel-windows-x86_64 | 1.5.9 | 11.00 | 78.00 | 89.00 | OK | |
r-patched-linux-x86_64 | 1.5.9 | 9.03 | 58.96 | 67.99 | OK | |
r-release-linux-x86_64 | 1.5.9 | 8.40 | 59.35 | 67.75 | OK | |
r-release-macos-arm64 | 1.5.9 | 39.00 | OK | |||
r-release-macos-x86_64 | 1.5.9 | 76.00 | OK | |||
r-release-windows-x86_64 | 1.5.9 | 11.00 | 79.00 | 90.00 | OK | |
r-oldrel-macos-arm64 | 1.5.9 | 33.00 | OK | |||
r-oldrel-macos-x86_64 | 1.5.9 | 50.00 | OK | |||
r-oldrel-windows-x86_64 | 1.5.9 | 13.00 | 94.00 | 107.00 | OK |
Version: 1.5.9
Check: CRAN incoming feasibility
Result: NOTE
Maintainer: ‘Donghoh Kim <donghoh.kim@gmail.com>’
Package CITATION file contains call(s) to old-style personList() or
as.personList(). Please use c() on person objects instead.
Package CITATION file contains call(s) to old-style citEntry(). Please
use bibentry() instead.
Flavors: r-devel-linux-x86_64-debian-clang, r-devel-linux-x86_64-debian-gcc
These binaries (installable software) and packages are in development.
They may not be fully stable and should be used with caution. We make no claims about them.