Last updated on 2025-05-23 05:52:26 CEST.
Flavor | Version | Tinstall | Tcheck | Ttotal | Status | Flags |
---|---|---|---|---|---|---|
r-devel-linux-x86_64-debian-clang | 2.0.6.1 | 7.33 | 84.44 | 91.77 | NOTE | |
r-devel-linux-x86_64-debian-gcc | 2.0.6.1 | 4.91 | 58.86 | 63.77 | NOTE | |
r-devel-linux-x86_64-fedora-clang | 2.0.6.1 | 141.98 | OK | |||
r-devel-linux-x86_64-fedora-gcc | 2.0.6.1 | 148.90 | OK | |||
r-devel-windows-x86_64 | 2.0.6.1 | 11.00 | 136.00 | 147.00 | NOTE | --no-vignettes |
r-patched-linux-x86_64 | 2.0.6.1 | 7.71 | 75.77 | 83.48 | NOTE | |
r-release-linux-x86_64 | 2.0.6.1 | 7.08 | 76.87 | 83.95 | NOTE | |
r-release-macos-arm64 | 2.0.6.1 | 59.00 | OK | |||
r-release-macos-x86_64 | 2.0.6.1 | 94.00 | OK | |||
r-release-windows-x86_64 | 2.0.6.1 | 12.00 | 134.00 | 146.00 | NOTE | --no-vignettes |
r-oldrel-macos-arm64 | 2.0.6.1 | 50.00 | OK | |||
r-oldrel-macos-x86_64 | 2.0.6.1 | 74.00 | OK | |||
r-oldrel-windows-x86_64 | 2.0.6.1 | 13.00 | 116.00 | 129.00 | OK | --no-vignettes |
Version: 2.0.6.1
Check: Rd cross-references
Result: NOTE
Found the following Rd file(s) with Rd \link{} targets missing package
anchors:
write_eml.Rd: write_xml
Please provide package anchors for all Rd \link{} targets not in the
package itself and the base packages.
Flavors: r-devel-linux-x86_64-debian-clang, r-devel-linux-x86_64-debian-gcc, r-patched-linux-x86_64, r-release-linux-x86_64
Version: 2.0.6.1
Flags: --no-vignettes
Check: Rd cross-references
Result: NOTE
Found the following Rd file(s) with Rd \link{} targets missing package
anchors:
write_eml.Rd: write_xml
Please provide package anchors for all Rd \link{} targets not in the
package itself and the base packages.
Flavors: r-devel-windows-x86_64, r-release-windows-x86_64
These binaries (installable software) and packages are in development.
They may not be fully stable and should be used with caution. We make no claims about them.