CRAN Package Check Results for Package EMMIXSSL

Last updated on 2025-06-30 23:49:46 CEST.

Flavor Version Tinstall Tcheck Ttotal Status Flags
r-devel-linux-x86_64-debian-clang 1.1.1 2.54 24.23 26.77 NOTE
r-devel-linux-x86_64-debian-gcc 1.1.1 2.02 19.46 21.48 NOTE
r-devel-linux-x86_64-fedora-clang 1.1.1 40.28 OK
r-devel-linux-x86_64-fedora-gcc 1.1.1 39.84 OK
r-devel-windows-x86_64 1.1.1 4.00 48.00 52.00 OK
r-patched-linux-x86_64 OK
r-release-linux-x86_64 1.1.1 2.50 22.88 25.38 OK
r-release-macos-arm64 1.1.1 18.00 OK
r-release-macos-x86_64 1.1.1 31.00 OK
r-release-windows-x86_64 1.1.1 4.00 49.00 53.00 OK
r-oldrel-macos-arm64 1.1.1 16.00 OK
r-oldrel-macos-x86_64 1.1.1 25.00 OK
r-oldrel-windows-x86_64 1.1.1 4.00 50.00 54.00 OK

Check Details

Version: 1.1.1
Check: CRAN incoming feasibility
Result: NOTE Maintainer: ‘Ziyang Lyu <ziyang.lyu@unsw.edu.au>’ No Authors@R field in DESCRIPTION. Please add one, modifying Authors@R: c(person(given = "Ziyang", family = "Lyu", role = c("aut", "cre"), email = "ziyang.lyu@unsw.edu.au"), person(given = "Daniel", family = "Ahfock", role = "aut"), person(given = c("Geoffrey", "J."), family = "McLachlan", role = "aut")) as necessary. Flavors: r-devel-linux-x86_64-debian-clang, r-devel-linux-x86_64-debian-gcc

These binaries (installable software) and packages are in development.
They may not be fully stable and should be used with caution. We make no claims about them.