Last updated on 2025-05-01 12:49:27 CEST.
Flavor | Version | Tinstall | Tcheck | Ttotal | Status | Flags |
---|---|---|---|---|---|---|
r-devel-linux-x86_64-debian-clang | 0.1.4 | 43.64 | 68.00 | 111.64 | NOTE | |
r-devel-linux-x86_64-debian-gcc | 0.1.4 | 30.72 | 49.67 | 80.39 | OK | |
r-devel-linux-x86_64-fedora-clang | 0.1.4 | 186.39 | OK | |||
r-devel-linux-x86_64-fedora-gcc | 0.1.4 | 177.54 | OK | |||
r-devel-windows-x86_64 | 0.1.4 | 48.00 | 114.00 | 162.00 | OK | |
r-patched-linux-x86_64 | 0.1.4 | 44.68 | 61.93 | 106.61 | OK | |
r-release-linux-x86_64 | OK | |||||
r-release-macos-arm64 | 0.1.4 | 55.00 | OK | |||
r-release-macos-x86_64 | 0.1.4 | 85.00 | OK | |||
r-release-windows-x86_64 | 0.1.4 | 51.00 | 111.00 | 162.00 | OK | |
r-oldrel-macos-arm64 | 0.1.4 | 45.00 | NOTE | |||
r-oldrel-macos-x86_64 | 0.1.4 | 72.00 | NOTE | |||
r-oldrel-windows-x86_64 | 0.1.4 | 57.00 | 133.00 | 190.00 | OK |
Version: 0.1.4
Check: examples
Result: NOTE
Examples with CPU (user + system) or elapsed time > 5s
user system elapsed
cluster_tissues 3.608 0.016 5.073
Flavor: r-devel-linux-x86_64-debian-clang
Version: 0.1.4
Check: installed package size
Result: NOTE
installed size is 6.0Mb
sub-directories of 1Mb or more:
data 2.0Mb
libs 3.9Mb
Flavors: r-oldrel-macos-arm64, r-oldrel-macos-x86_64
These binaries (installable software) and packages are in development.
They may not be fully stable and should be used with caution. We make no claims about them.