Last updated on 2025-10-23 23:49:28 CEST.
| Flavor | Version | Tinstall | Tcheck | Ttotal | Status | Flags |
|---|---|---|---|---|---|---|
| r-devel-linux-x86_64-debian-clang | 0.1.4 | 42.14 | 76.85 | 118.99 | OK | |
| r-devel-linux-x86_64-debian-gcc | 0.1.4 | 27.61 | 57.17 | 84.78 | OK | |
| r-devel-linux-x86_64-fedora-clang | 0.1.4 | 89.00 | 111.91 | 200.91 | OK | |
| r-devel-linux-x86_64-fedora-gcc | 0.1.4 | 63.00 | 131.72 | 194.72 | OK | |
| r-devel-windows-x86_64 | 0.1.4 | 52.00 | 114.00 | 166.00 | OK | |
| r-patched-linux-x86_64 | 0.1.4 | 40.17 | 71.04 | 111.21 | OK | |
| r-release-linux-x86_64 | 0.1.4 | 43.93 | 71.24 | 115.17 | OK | |
| r-release-macos-arm64 | 0.1.4 | 18.00 | 37.00 | 55.00 | OK | |
| r-release-macos-x86_64 | 0.1.4 | 22.00 | 63.00 | 85.00 | OK | |
| r-release-windows-x86_64 | 0.1.4 | 52.00 | 119.00 | 171.00 | OK | |
| r-oldrel-macos-arm64 | 0.1.4 | 15.00 | 30.00 | 45.00 | NOTE | |
| r-oldrel-macos-x86_64 | 0.1.4 | 20.00 | 52.00 | 72.00 | NOTE | |
| r-oldrel-windows-x86_64 | 0.1.4 | 68.00 | 140.00 | 208.00 | OK |
Version: 0.1.4
Check: installed package size
Result: NOTE
installed size is 6.0Mb
sub-directories of 1Mb or more:
data 2.0Mb
libs 3.9Mb
Flavors: r-oldrel-macos-arm64, r-oldrel-macos-x86_64
These binaries (installable software) and packages are in development.
They may not be fully stable and should be used with caution. We make no claims about them.