Last updated on 2024-07-27 15:50:16 CEST.
Flavor | Version | Tinstall | Tcheck | Ttotal | Status | Flags |
---|---|---|---|---|---|---|
r-devel-linux-x86_64-debian-clang | 0.1.4 | 55.66 | 81.15 | 136.81 | OK | |
r-devel-linux-x86_64-debian-gcc | 0.1.4 | OK | ||||
r-devel-linux-x86_64-fedora-clang | 0.1.4 | 197.35 | OK | |||
r-devel-linux-x86_64-fedora-gcc | 0.1.4 | 202.38 | OK | |||
r-devel-windows-x86_64 | 0.1.4 | 47.00 | 108.00 | 155.00 | OK | |
r-patched-linux-x86_64 | 0.1.4 | OK | ||||
r-release-linux-x86_64 | 0.1.4 | 45.44 | 75.01 | 120.45 | OK | |
r-release-macos-arm64 | 0.1.4 | 45.00 | NOTE | |||
r-release-macos-x86_64 | 0.1.4 | 72.00 | NOTE | |||
r-release-windows-x86_64 | 0.1.4 | 54.00 | 109.00 | 163.00 | OK | |
r-oldrel-macos-arm64 | 0.1.4 | 55.00 | NOTE | |||
r-oldrel-macos-x86_64 | 0.1.4 | 90.00 | NOTE | |||
r-oldrel-windows-x86_64 | 0.1.4 | 55.00 | 125.00 | 180.00 | OK |
Version: 0.1.4
Check: installed package size
Result: NOTE
installed size is 6.0Mb
sub-directories of 1Mb or more:
data 2.0Mb
libs 3.9Mb
Flavors: r-release-macos-arm64, r-release-macos-x86_64, r-oldrel-macos-arm64, r-oldrel-macos-x86_64
These binaries (installable software) and packages are in development.
They may not be fully stable and should be used with caution. We make no claims about them.