Last updated on 2025-05-01 14:49:08 CEST.
Flavor | Version | Tinstall | Tcheck | Ttotal | Status | Flags |
---|---|---|---|---|---|---|
r-devel-linux-x86_64-debian-clang | 3.1 | 5.31 | 51.88 | 57.19 | NOTE | |
r-devel-linux-x86_64-debian-gcc | 3.1 | 4.60 | 38.71 | 43.31 | NOTE | |
r-devel-linux-x86_64-fedora-clang | 3.1 | 91.03 | OK | |||
r-devel-linux-x86_64-fedora-gcc | 3.1 | 85.64 | OK | |||
r-devel-windows-x86_64 | 3.1 | 7.00 | 68.00 | 75.00 | OK | |
r-patched-linux-x86_64 | 3.1 | 6.40 | 49.45 | 55.85 | OK | |
r-release-linux-x86_64 | OK | |||||
r-release-macos-arm64 | 3.1 | 33.00 | OK | |||
r-release-macos-x86_64 | 3.1 | 80.00 | OK | |||
r-release-windows-x86_64 | 3.1 | 6.00 | 72.00 | 78.00 | OK | |
r-oldrel-macos-arm64 | 3.1 | 28.00 | OK | |||
r-oldrel-macos-x86_64 | 3.1 | 42.00 | OK | |||
r-oldrel-windows-x86_64 | 3.1 | 8.00 | 74.00 | 82.00 | OK |
Version: 3.1
Check: CRAN incoming feasibility
Result: NOTE
Maintainer: ‘Deniz Akdemir <deniz.akdemir.work@gmail.com>’
No Authors@R field in DESCRIPTION.
Please add one, modifying
Authors@R: c(person(given = "Deniz",
family = "Akdemir",
role = c("aut", "cre"),
email = "deniz.akdemir.work@gmail.com"),
person(given = c("Okeke", "Uche"),
family = "Godfrey",
role = "aut"))
as necessary.
Flavors: r-devel-linux-x86_64-debian-clang, r-devel-linux-x86_64-debian-gcc
These binaries (installable software) and packages are in development.
They may not be fully stable and should be used with caution. We make no claims about them.