CRAN Package Check Results for Package EMSC

Last updated on 2025-11-17 13:49:34 CET.

Flavor Version Tinstall Tcheck Ttotal Status Flags
r-devel-linux-x86_64-debian-clang 0.9.4 2.96 34.01 36.97 OK
r-devel-linux-x86_64-debian-gcc 0.9.4 2.21 27.84 30.05 NOTE
r-devel-linux-x86_64-fedora-clang 0.9.4 50.24 OK
r-devel-linux-x86_64-fedora-gcc 0.9.4 50.26 OK
r-devel-windows-x86_64 0.9.4 6.00 52.00 58.00 OK
r-patched-linux-x86_64 0.9.4 2.89 31.54 34.43 OK
r-release-linux-x86_64 0.9.4 2.88 31.35 34.23 OK
r-release-macos-arm64 0.9.4 2.00 22.00 24.00 OK
r-release-macos-x86_64 0.9.4 3.00 35.00 38.00 OK
r-release-windows-x86_64 0.9.4 4.00 52.00 56.00 OK
r-oldrel-macos-arm64 0.9.4 2.00 21.00 23.00 OK
r-oldrel-macos-x86_64 0.9.4 4.00 29.00 33.00 OK
r-oldrel-windows-x86_64 0.9.4 4.00 59.00 63.00 OK

Check Details

Version: 0.9.4
Check: CRAN incoming feasibility
Result: NOTE Maintainer: ‘Kristian Hovde Liland <kristian.liland@nmbu.no>’ The BugReports field in DESCRIPTION has https://github.com/khliland/EMSC/issues/ which should likely be https://github.com/khliland/EMSC/issues/issues instead. Flavor: r-devel-linux-x86_64-debian-gcc

These binaries (installable software) and packages are in development.
They may not be fully stable and should be used with caution. We make no claims about them.