Last updated on 2025-11-11 15:50:33 CET.
| Flavor | Version | Tinstall | Tcheck | Ttotal | Status | Flags |
|---|---|---|---|---|---|---|
| r-devel-linux-x86_64-debian-clang | 2.0.4 | 26.91 | 100.66 | 127.57 | NOTE | |
| r-devel-linux-x86_64-debian-gcc | 2.0.4 | 16.98 | 76.08 | 93.06 | NOTE | |
| r-devel-linux-x86_64-fedora-clang | 2.0.4 | 100.00 | 124.67 | 224.67 | OK | |
| r-devel-linux-x86_64-fedora-gcc | 2.0.4 | 69.00 | 147.42 | 216.42 | OK | |
| r-devel-windows-x86_64 | 2.0.4 | 32.00 | 188.00 | 220.00 | OK | |
| r-patched-linux-x86_64 | 2.0.4 | 26.26 | 97.25 | 123.51 | OK | |
| r-release-linux-x86_64 | 2.0.4 | 24.16 | 97.05 | 121.21 | OK | |
| r-release-macos-arm64 | 2.0.4 | 13.00 | 66.00 | 79.00 | OK | |
| r-release-macos-x86_64 | 2.0.4 | 19.00 | 107.00 | 126.00 | OK | |
| r-release-windows-x86_64 | 2.0.4 | 33.00 | 193.00 | 226.00 | OK | |
| r-oldrel-macos-arm64 | 2.0.4 | 11.00 | 50.00 | 61.00 | OK | |
| r-oldrel-macos-x86_64 | 2.0.4 | 14.00 | 81.00 | 95.00 | OK | |
| r-oldrel-windows-x86_64 | 2.0.4 | 40.00 | 202.00 | 242.00 | OK |
Version: 2.0.4
Check: CRAN incoming feasibility
Result: NOTE
Maintainer: ‘Joan Garriga <jgarriga@ceab.csic.es>’
No Authors@R field in DESCRIPTION.
Please add one, modifying
Authors@R: c(person(given = "Joan",
family = "Garriga",
role = c("aut", "cre"),
email = "jgarriga@ceab.csic.es"),
person(given = c("John", "R.B."),
family = "Palmer",
role = "aut"),
person(given = "Aitana",
family = "Oltra",
role = "aut"),
person(given = "Frederic",
family = "Bartumeus",
role = "aut"))
as necessary.
Flavors: r-devel-linux-x86_64-debian-clang, r-devel-linux-x86_64-debian-gcc
These binaries (installable software) and packages are in development.
They may not be fully stable and should be used with caution. We make no claims about them.