CRAN Package Check Results for Package EMgaussian

Last updated on 2025-07-02 03:50:40 CEST.

Flavor Version Tinstall Tcheck Ttotal Status Flags
r-devel-linux-x86_64-debian-clang 0.2.1 46.32 110.13 156.45 NOTE
r-devel-linux-x86_64-debian-gcc 0.2.1 30.32 75.30 105.62 NOTE
r-devel-linux-x86_64-fedora-clang 0.2.1 282.04 OK
r-devel-linux-x86_64-fedora-gcc 0.2.1 241.27 OK
r-devel-windows-x86_64 0.2.1 50.00 123.00 173.00 NOTE
r-patched-linux-x86_64 NOTE
r-release-linux-x86_64 0.2.1 43.80 101.65 145.45 NOTE
r-release-macos-arm64 0.2.1 57.00 OK
r-release-macos-x86_64 0.2.1 107.00 OK
r-release-windows-x86_64 0.2.1 49.00 128.00 177.00 NOTE
r-oldrel-macos-arm64 0.2.1 55.00 OK
r-oldrel-macos-x86_64 0.2.1 88.00 OK
r-oldrel-windows-x86_64 0.2.1 60.00 172.00 232.00 OK

Check Details

Version: 0.2.1
Check: Rd cross-references
Result: NOTE Found the following Rd file(s) with Rd \link{} targets missing package anchors: em.prec.Rd: glassoFast Please provide package anchors for all Rd \link{} targets not in the package itself and the base packages. Flavors: r-devel-linux-x86_64-debian-clang, r-devel-linux-x86_64-debian-gcc, r-devel-windows-x86_64, r-patched-linux-x86_64, r-release-linux-x86_64, r-release-windows-x86_64

These binaries (installable software) and packages are in development.
They may not be fully stable and should be used with caution. We make no claims about them.