Last updated on 2024-07-27 15:50:16 CEST.
Flavor | Version | Tinstall | Tcheck | Ttotal | Status | Flags |
---|---|---|---|---|---|---|
r-devel-linux-x86_64-debian-clang | 2.0.4 | 36.37 | 638.71 | 675.08 | OK | |
r-devel-linux-x86_64-debian-gcc | 2.0.4 | OK | ||||
r-devel-linux-x86_64-fedora-clang | 2.0.4 | 853.39 | NOTE | |||
r-devel-linux-x86_64-fedora-gcc | 2.0.4 | 861.48 | NOTE | |||
r-devel-windows-x86_64 | 2.0.4 | 33.00 | 429.00 | 462.00 | OK | |
r-patched-linux-x86_64 | 2.0.4 | OK | ||||
r-release-linux-x86_64 | 2.0.4 | 24.99 | 612.57 | 637.56 | OK | |
r-release-macos-arm64 | 2.0.4 | 164.00 | OK | |||
r-release-macos-x86_64 | 2.0.4 | 312.00 | OK | |||
r-release-windows-x86_64 | 2.0.4 | 33.00 | 427.00 | 460.00 | OK | |
r-oldrel-macos-arm64 | 2.0.4 | 195.00 | OK | |||
r-oldrel-macos-x86_64 | 2.0.4 | 367.00 | OK | |||
r-oldrel-windows-x86_64 | 2.0.4 | 45.00 | 542.00 | 587.00 | OK |
Version: 2.0.4
Check: data for non-ASCII characters
Result: NOTE
Note: found 2 marked UTF-8 strings
Flavors: r-devel-linux-x86_64-fedora-clang, r-devel-linux-x86_64-fedora-gcc
These binaries (installable software) and packages are in development.
They may not be fully stable and should be used with caution. We make no claims about them.