CRAN Package Check Results for Package EPX

Last updated on 2025-11-12 11:51:13 CET.

Flavor Version Tinstall Tcheck Ttotal Status Flags
r-devel-linux-x86_64-debian-clang 1.0.4 2.99 38.21 41.20 NOTE
r-devel-linux-x86_64-debian-gcc 1.0.4 2.56 30.31 32.87 NOTE
r-devel-linux-x86_64-fedora-clang 1.0.4 62.66 OK
r-devel-linux-x86_64-fedora-gcc 1.0.4 75.17 OK
r-devel-windows-x86_64 1.0.4 8.00 63.00 71.00 OK
r-patched-linux-x86_64 1.0.4 3.79 36.65 40.44 OK
r-release-linux-x86_64 1.0.4 3.44 36.72 40.16 OK
r-release-macos-arm64 1.0.4 3.00 46.00 49.00 OK
r-release-macos-x86_64 1.0.4 6.00 72.00 78.00 OK
r-release-windows-x86_64 1.0.4 8.00 64.00 72.00 OK
r-oldrel-macos-arm64 1.0.4 3.00 28.00 31.00 OK
r-oldrel-macos-x86_64 1.0.4 5.00 39.00 44.00 OK
r-oldrel-windows-x86_64 1.0.4 9.00 74.00 83.00 OK

Check Details

Version: 1.0.4
Check: CRAN incoming feasibility
Result: NOTE Maintainer: ‘Jabed Tomal <jtomal@tru.ca>’ The Description field contains <arXiv:1706.06971> for more details. Please refer to arXiv e-prints via their arXiv DOI <doi:10.48550/arXiv.YYMM.NNNNN>. Flavors: r-devel-linux-x86_64-debian-clang, r-devel-linux-x86_64-debian-gcc

These binaries (installable software) and packages are in development.
They may not be fully stable and should be used with caution. We make no claims about them.