Last updated on 2025-05-01 17:56:02 CEST.
Flavor | Version | Tinstall | Tcheck | Ttotal | Status | Flags |
---|---|---|---|---|---|---|
r-devel-linux-x86_64-debian-clang | 1.0-1 | 2.12 | 25.43 | 27.55 | NOTE | |
r-devel-linux-x86_64-debian-gcc | 1.0-1 | 2.09 | 19.42 | 21.51 | NOTE | |
r-devel-linux-x86_64-fedora-clang | 1.0-1 | 44.64 | OK | |||
r-devel-linux-x86_64-fedora-gcc | 1.0-1 | 41.27 | OK | |||
r-devel-windows-x86_64 | 1.0-1 | 4.00 | 57.00 | 61.00 | OK | |
r-patched-linux-x86_64 | 1.0-1 | 2.34 | 24.23 | 26.57 | OK | |
r-release-linux-x86_64 | OK | |||||
r-release-macos-arm64 | 1.0-1 | 21.00 | OK | |||
r-release-macos-x86_64 | 1.0-1 | 41.00 | OK | |||
r-release-windows-x86_64 | 1.0-1 | 5.00 | 146.00 | 151.00 | OK | |
r-oldrel-macos-arm64 | 1.0-1 | 17.00 | OK | |||
r-oldrel-macos-x86_64 | 1.0-1 | 36.00 | OK | |||
r-oldrel-windows-x86_64 | 1.0-1 | 5.00 | 54.00 | 59.00 | OK |
Version: 1.0-1
Check: CRAN incoming feasibility
Result: NOTE
Maintainer: ‘Thorn Thaler <thorn.thaler@thothal.com>’
No Authors@R field in DESCRIPTION.
Please add one, modifying
Authors@R: person(given = "Thorn",
family = "Thaler",
role = c("aut", "cre"),
email = "thorn.thaler@thothal.com")
as necessary.
Package CITATION file contains call(s) to old-style citEntry(). Please
use bibentry() instead.
Flavors: r-devel-linux-x86_64-debian-clang, r-devel-linux-x86_64-debian-gcc
These binaries (installable software) and packages are in development.
They may not be fully stable and should be used with caution. We make no claims about them.