CRAN Package Check Results for Package EQL

Last updated on 2025-10-24 13:49:37 CEST.

Flavor Version Tinstall Tcheck Ttotal Status Flags
r-devel-linux-x86_64-debian-clang 1.0-1 2.91 27.59 30.50 NOTE
r-devel-linux-x86_64-debian-gcc 1.0-1 2.35 21.55 23.90 NOTE
r-devel-linux-x86_64-fedora-clang 1.0-1 43.41 OK
r-devel-linux-x86_64-fedora-gcc 1.0-1 41.92 OK
r-devel-windows-x86_64 1.0-1 5.00 50.00 55.00 OK
r-patched-linux-x86_64 1.0-1 3.34 25.61 28.95 OK
r-release-linux-x86_64 1.0-1 2.84 25.81 28.65 OK
r-release-macos-arm64 1.0-1 1.00 20.00 21.00 OK
r-release-macos-x86_64 1.0-1 4.00 37.00 41.00 OK
r-release-windows-x86_64 1.0-1 4.00 51.00 55.00 OK
r-oldrel-macos-arm64 1.0-1 1.00 16.00 17.00 OK
r-oldrel-macos-x86_64 1.0-1 3.00 33.00 36.00 OK
r-oldrel-windows-x86_64 1.0-1 5.00 58.00 63.00 OK

Check Details

Version: 1.0-1
Check: CRAN incoming feasibility
Result: NOTE Maintainer: ‘Thorn Thaler <thorn.thaler@thothal.com>’ No Authors@R field in DESCRIPTION. Please add one, modifying Authors@R: person(given = "Thorn", family = "Thaler", role = c("aut", "cre"), email = "thorn.thaler@thothal.com") as necessary. Package CITATION file contains call(s) to old-style citEntry(). Please use bibentry() instead. Flavors: r-devel-linux-x86_64-debian-clang, r-devel-linux-x86_64-debian-gcc

These binaries (installable software) and packages are in development.
They may not be fully stable and should be used with caution. We make no claims about them.