Last updated on 2025-05-01 14:49:09 CEST.
Flavor | Version | Tinstall | Tcheck | Ttotal | Status | Flags |
---|---|---|---|---|---|---|
r-devel-linux-x86_64-debian-clang | 0.5.0 | 31.33 | 218.54 | 249.87 | NOTE | |
r-devel-linux-x86_64-debian-gcc | 0.5.0 | 20.33 | 142.95 | 163.28 | OK | |
r-devel-linux-x86_64-fedora-clang | 0.5.0 | 397.01 | OK | |||
r-devel-linux-x86_64-fedora-gcc | 0.5.0 | 352.72 | OK | |||
r-devel-windows-x86_64 | 0.5.0 | 30.00 | 194.00 | 224.00 | OK | |
r-patched-linux-x86_64 | 0.5.0 | 30.26 | 199.23 | 229.49 | OK | |
r-release-linux-x86_64 | OK | |||||
r-release-macos-arm64 | 0.5.0 | 123.00 | OK | |||
r-release-macos-x86_64 | 0.5.0 | 171.00 | OK | |||
r-release-windows-x86_64 | 0.5.0 | 30.00 | 196.00 | 226.00 | OK | |
r-oldrel-macos-arm64 | 0.5.0 | 93.00 | OK | |||
r-oldrel-macos-x86_64 | 0.5.0 | 164.00 | OK | |||
r-oldrel-windows-x86_64 | 0.5.0 | 39.00 | 254.00 | 293.00 | OK |
Version: 0.5.0
Check: examples
Result: NOTE
Examples with CPU (user + system) or elapsed time > 5s
user system elapsed
function.Multivariate_Regression 9.455 0.045 12.237
function.Regression_Analysis 4.591 0.130 5.891
Flavor: r-devel-linux-x86_64-debian-clang
Version: 0.5.0
Check: examples
Result: NA
user system elapsed
function.Multivariate_Regression 6.475 0.032 8.451
OK
Flavor: r-devel-linux-x86_64-debian-gcc
These binaries (installable software) and packages are in development.
They may not be fully stable and should be used with caution. We make no claims about them.