Last updated on 2025-10-24 19:50:32 CEST.
| Flavor | Version | Tinstall | Tcheck | Ttotal | Status | Flags |
|---|---|---|---|---|---|---|
| r-devel-linux-x86_64-debian-clang | 1.0.2 | 13.05 | 99.91 | 112.96 | NOTE | |
| r-devel-linux-x86_64-debian-gcc | 1.0.2 | 7.05 | 62.18 | 69.23 | NOTE | |
| r-devel-linux-x86_64-fedora-clang | 1.0.2 | 23.00 | 150.19 | 173.19 | OK | |
| r-devel-linux-x86_64-fedora-gcc | 1.0.2 | 24.00 | 141.40 | 165.40 | OK | |
| r-devel-windows-x86_64 | 1.0.2 | 11.00 | 104.00 | 115.00 | OK | |
| r-patched-linux-x86_64 | 1.0.2 | 10.94 | 89.28 | 100.22 | OK | |
| r-release-linux-x86_64 | 1.0.2 | 10.07 | 92.22 | 102.29 | OK | |
| r-release-macos-arm64 | 1.0.2 | 4.00 | 39.00 | 43.00 | OK | |
| r-release-macos-x86_64 | 1.0.2 | 10.00 | 86.00 | 96.00 | OK | |
| r-release-windows-x86_64 | 1.0.2 | 11.00 | 107.00 | 118.00 | OK | |
| r-oldrel-macos-arm64 | 1.0.2 | 4.00 | 34.00 | 38.00 | OK | |
| r-oldrel-macos-x86_64 | 1.0.2 | 7.00 | 57.00 | 64.00 | OK | |
| r-oldrel-windows-x86_64 | 1.0.2 | 13.00 | 103.00 | 116.00 | OK |
Version: 1.0.2
Check: CRAN incoming feasibility
Result: NOTE
Maintainer: ‘Stefan Wellek <stefan.wellek@zi-mannheim.de>’
No Authors@R field in DESCRIPTION.
Please add one, modifying
Authors@R: c(person(given = "Stefan",
family = "Wellek",
role = c("aut", "cre"),
email = "stefan.wellek@zi-mannheim.de"),
person(given = "Peter",
family = "Ziegler",
role = "aut"))
as necessary.
Flavors: r-devel-linux-x86_64-debian-clang, r-devel-linux-x86_64-debian-gcc
These binaries (installable software) and packages are in development.
They may not be fully stable and should be used with caution. We make no claims about them.