CRAN Package Check Results for Package ERDbuilder

Last updated on 2025-05-01 12:49:27 CEST.

Flavor Version Tinstall Tcheck Ttotal Status Flags
r-devel-linux-x86_64-debian-clang 1.0.0 2.22 30.35 32.57 NOTE
r-devel-linux-x86_64-debian-gcc 1.0.0 1.44 24.31 25.75 NOTE
r-devel-linux-x86_64-fedora-clang 1.0.0 51.17 NOTE
r-devel-linux-x86_64-fedora-gcc 1.0.0 61.97 NOTE
r-devel-windows-x86_64 1.0.0 5.00 50.00 55.00 NOTE
r-patched-linux-x86_64 1.0.0 2.30 27.88 30.18 NOTE
r-release-linux-x86_64 NOTE
r-release-macos-arm64 1.0.0 32.00 NOTE
r-release-macos-x86_64 1.0.0 69.00 NOTE
r-release-windows-x86_64 1.0.0 5.00 51.00 56.00 NOTE
r-oldrel-macos-arm64 1.0.0 28.00 OK
r-oldrel-macos-x86_64 1.0.0 39.00 OK
r-oldrel-windows-x86_64 1.0.0 5.00 58.00 63.00 OK

Check Details

Version: 1.0.0
Check: DESCRIPTION meta-information
Result: NOTE Missing dependency on R >= 4.1.0 because package code uses the pipe |> or function shorthand \(...) syntax added in R 4.1.0. File(s) using such syntax: ‘render_erd.R’ Flavors: r-devel-linux-x86_64-debian-clang, r-devel-linux-x86_64-debian-gcc, r-devel-linux-x86_64-fedora-clang, r-devel-linux-x86_64-fedora-gcc, r-devel-windows-x86_64, r-patched-linux-x86_64, r-release-linux-x86_64, r-release-macos-arm64, r-release-macos-x86_64, r-release-windows-x86_64

These binaries (installable software) and packages are in development.
They may not be fully stable and should be used with caution. We make no claims about them.