Last updated on 2025-10-25 05:50:00 CEST.
| Flavor | Version | Tinstall | Tcheck | Ttotal | Status | Flags |
|---|---|---|---|---|---|---|
| r-devel-linux-x86_64-debian-clang | 0.0.2 | 11.77 | 101.31 | 113.08 | NOTE | |
| r-devel-linux-x86_64-debian-gcc | 0.0.2 | 7.50 | 66.47 | 73.97 | NOTE | |
| r-devel-linux-x86_64-fedora-clang | 0.0.2 | 27.00 | 146.27 | 173.27 | OK | |
| r-devel-linux-x86_64-fedora-gcc | 0.0.2 | 22.00 | 142.44 | 164.44 | OK | |
| r-devel-windows-x86_64 | 0.0.2 | 13.00 | 100.00 | 113.00 | OK | |
| r-patched-linux-x86_64 | 0.0.2 | 11.29 | 94.51 | 105.80 | OK | |
| r-release-linux-x86_64 | 0.0.2 | 9.66 | 93.21 | 102.87 | OK | |
| r-release-macos-arm64 | 0.0.2 | 4.00 | 42.00 | 46.00 | OK | |
| r-release-macos-x86_64 | 0.0.2 | 11.00 | 73.00 | 84.00 | OK | |
| r-release-windows-x86_64 | 0.0.2 | 15.00 | 103.00 | 118.00 | OK | |
| r-oldrel-macos-arm64 | 0.0.2 | 4.00 | 35.00 | 39.00 | OK | |
| r-oldrel-macos-x86_64 | 0.0.2 | 7.00 | 69.00 | 76.00 | OK | |
| r-oldrel-windows-x86_64 | 0.0.2 | 15.00 | 136.00 | 151.00 | OK |
Version: 0.0.2
Check: CRAN incoming feasibility
Result: NOTE
Maintainer: ‘Lauren Eyler Dang <lauren.eyler@berkeley.edu>’
The Description field contains
<arXiv:2210.05802>.
Please refer to arXiv e-prints via their arXiv DOI <doi:10.48550/arXiv.YYMM.NNNNN>.
Flavors: r-devel-linux-x86_64-debian-clang, r-devel-linux-x86_64-debian-gcc
These binaries (installable software) and packages are in development.
They may not be fully stable and should be used with caution. We make no claims about them.