Last updated on 2024-07-27 15:50:17 CEST.
Flavor | Version | Tinstall | Tcheck | Ttotal | Status | Flags |
---|---|---|---|---|---|---|
r-devel-linux-x86_64-debian-clang | 0.2.0 | 3.31 | 185.42 | 188.73 | OK | |
r-devel-linux-x86_64-debian-gcc | 0.2.0 | NOTE | ||||
r-devel-linux-x86_64-fedora-clang | 0.2.0 | 212.85 | OK | |||
r-devel-linux-x86_64-fedora-gcc | 0.2.0 | 247.17 | OK | |||
r-devel-windows-x86_64 | 0.2.0 | 5.00 | 336.00 | 341.00 | NOTE | |
r-patched-linux-x86_64 | 0.2.0 | OK | ||||
r-release-linux-x86_64 | 0.2.0 | 2.87 | 200.85 | 203.72 | OK | |
r-release-macos-arm64 | 0.2.0 | 60.00 | OK | |||
r-release-macos-x86_64 | 0.2.0 | 160.00 | OK | |||
r-release-windows-x86_64 | 0.2.0 | 5.00 | 294.00 | 299.00 | OK | |
r-oldrel-macos-arm64 | 0.2.0 | 62.00 | OK | |||
r-oldrel-macos-x86_64 | 0.2.0 | 124.00 | OK | |||
r-oldrel-windows-x86_64 | 0.2.0 | 6.00 | 311.00 | 317.00 | OK |
Version: 0.2.0
Check: Rd cross-references
Result: NOTE
Found the following Rd file(s) with Rd \link{} targets missing package
anchors:
simulate_background_earthquakes.Rd: etas
Please provide package anchors for all Rd \link{} targets not in the
package itself and the base packages.
Flavors: r-devel-linux-x86_64-debian-gcc, r-devel-windows-x86_64
These binaries (installable software) and packages are in development.
They may not be fully stable and should be used with caution. We make no claims about them.