Last updated on 2025-02-16 10:50:45 CET.
Flavor | Version | Tinstall | Tcheck | Ttotal | Status | Flags |
---|---|---|---|---|---|---|
r-devel-linux-x86_64-debian-clang | 0.2.0 | 2.67 | 114.55 | 117.22 | NOTE | |
r-devel-linux-x86_64-debian-gcc | 0.2.0 | 1.93 | 97.49 | 99.42 | NOTE | |
r-devel-linux-x86_64-fedora-clang | 0.2.0 | 231.11 | OK | |||
r-devel-linux-x86_64-fedora-gcc | 0.2.0 | 250.60 | OK | |||
r-devel-macos-arm64 | 0.2.0 | 66.00 | OK | |||
r-devel-macos-x86_64 | 0.2.0 | 180.00 | OK | |||
r-devel-windows-x86_64 | 0.2.0 | 6.00 | 422.00 | 428.00 | NOTE | |
r-patched-linux-x86_64 | 0.2.0 | 8.06 | 127.01 | 135.07 | OK | |
r-release-linux-x86_64 | 0.2.0 | 2.33 | 127.36 | 129.69 | OK | |
r-release-macos-arm64 | 0.2.0 | 60.00 | OK | |||
r-release-macos-x86_64 | 0.2.0 | 160.00 | OK | |||
r-release-windows-x86_64 | 0.2.0 | 5.00 | 427.00 | 432.00 | OK | |
r-oldrel-macos-arm64 | 0.2.0 | 62.00 | OK | |||
r-oldrel-macos-x86_64 | 0.2.0 | 124.00 | OK | |||
r-oldrel-windows-x86_64 | 0.2.0 | 5.00 | 305.00 | 310.00 | OK |
Version: 0.2.0
Check: Rd cross-references
Result: NOTE
Found the following Rd file(s) with Rd \link{} targets missing package
anchors:
simulate_background_earthquakes.Rd: etas
Please provide package anchors for all Rd \link{} targets not in the
package itself and the base packages.
Flavors: r-devel-linux-x86_64-debian-clang, r-devel-linux-x86_64-debian-gcc, r-devel-windows-x86_64
These binaries (installable software) and packages are in development.
They may not be fully stable and should be used with caution. We make no claims about them.