CRAN Package Check Results for Package ETRep

Last updated on 2025-10-23 19:50:16 CEST.

Flavor Version Tinstall Tcheck Ttotal Status Flags
r-devel-linux-x86_64-debian-clang 1.2.1 12.01 89.03 101.04 NOTE
r-devel-linux-x86_64-debian-gcc 1.2.1 8.62 63.90 72.52 OK
r-devel-linux-x86_64-fedora-clang 1.2.1 66.00 104.28 170.28 OK
r-devel-linux-x86_64-fedora-gcc 1.2.1 23.00 123.45 146.45 OK
r-devel-windows-x86_64 1.2.1 13.00 93.00 106.00 OK
r-patched-linux-x86_64 1.2.1 11.12 84.70 95.82 OK
r-release-linux-x86_64 1.2.1 10.67 85.81 96.48 OK
r-release-macos-arm64 1.2.1 5.00 37.00 42.00 OK
r-release-macos-x86_64 1.2.1 23.00 133.00 156.00 OK
r-release-windows-x86_64 1.2.1 14.00 95.00 109.00 OK
r-oldrel-macos-arm64 1.2.1 6.00 48.00 54.00 OK
r-oldrel-macos-x86_64 1.2.1 19.00 134.00 153.00 OK
r-oldrel-windows-x86_64 1.2.1 18.00 121.00 139.00 OK

Check Details

Version: 1.2.1
Check: HTML version of manual
Result: NOTE Found the following HTML validation problems: dot-onLoad.html:57:1 (dot-onLoad.Rd:16): Warning: missing </ul> before </div> Flavor: r-devel-linux-x86_64-debian-clang

These binaries (installable software) and packages are in development.
They may not be fully stable and should be used with caution. We make no claims about them.