Last updated on 2025-05-01 14:49:09 CEST.
Flavor | Version | Tinstall | Tcheck | Ttotal | Status | Flags |
---|---|---|---|---|---|---|
r-devel-linux-x86_64-debian-clang | 1.1.0 | 16.35 | 131.72 | 148.07 | NOTE | |
r-devel-linux-x86_64-debian-gcc | 1.1.0 | 12.93 | 97.22 | 110.15 | OK | |
r-devel-linux-x86_64-fedora-clang | 1.1.0 | 238.16 | OK | |||
r-devel-linux-x86_64-fedora-gcc | 1.1.0 | 218.53 | OK | |||
r-devel-windows-x86_64 | 1.1.0 | 18.00 | 124.00 | 142.00 | OK | |
r-patched-linux-x86_64 | 1.1.0 | 15.59 | 124.45 | 140.04 | OK | |
r-release-linux-x86_64 | OK | |||||
r-release-macos-arm64 | 1.1.0 | 64.00 | OK | |||
r-release-macos-x86_64 | 1.1.0 | 107.00 | OK | |||
r-release-windows-x86_64 | 1.1.0 | 19.00 | 125.00 | 144.00 | OK | |
r-oldrel-macos-arm64 | 1.1.0 | 71.00 | OK | |||
r-oldrel-macos-x86_64 | 1.1.0 | 87.00 | OK | |||
r-oldrel-windows-x86_64 | 1.1.0 | 21.00 | 162.00 | 183.00 | OK |
Version: 1.1.0
Check: examples
Result: NOTE
Examples with CPU (user + system) or elapsed time > 5s
user system elapsed
simulate_etube 4.118 0.534 6.596
intrinsic_mean_tube 3.945 0.471 6.109
nonIntrinsic_mean_tube 2.949 0.536 5.168
Flavor: r-devel-linux-x86_64-debian-clang
Version: 1.1.0
Check: examples
Result: NA
user system elapsed
simulate_etube 3.249 0.938 5.648
intrinsic_mean_tube 2.965 0.674 5.909
nonIntrinsic_mean_tube 2.630 0.860 5.125
OK
Flavor: r-devel-linux-x86_64-debian-gcc
These binaries (installable software) and packages are in development.
They may not be fully stable and should be used with caution. We make no claims about them.