CRAN Package Check Results for Package EValue

Last updated on 2025-05-01 17:56:02 CEST.

Flavor Version Tinstall Tcheck Ttotal Status Flags
r-devel-linux-x86_64-debian-clang 4.1.3 12.53 134.35 146.88 NOTE
r-devel-linux-x86_64-debian-gcc 4.1.3 7.60 94.55 102.15 NOTE
r-devel-linux-x86_64-fedora-clang 4.1.3 231.85 NOTE
r-devel-linux-x86_64-fedora-gcc 4.1.3 247.58 NOTE
r-devel-windows-x86_64 4.1.3 15.00 138.00 153.00 OK
r-patched-linux-x86_64 4.1.3 11.66 124.41 136.07 OK
r-release-linux-x86_64 OK
r-release-macos-arm64 4.1.3 86.00 OK
r-release-macos-x86_64 4.1.3 161.00 OK
r-release-windows-x86_64 4.1.3 13.00 139.00 152.00 OK
r-oldrel-macos-arm64 4.1.3 69.00 OK
r-oldrel-macos-x86_64 4.1.3 103.00 OK
r-oldrel-windows-x86_64 4.1.3 17.00 179.00 196.00 OK

Check Details

Version: 4.1.3
Check: CRAN incoming feasibility
Result: NOTE Maintainer: ‘Maya B. Mathur <mmathur@stanford.edu>’ Package CITATION file contains call(s) to old-style personList() or as.personList(). Please use c() on person objects instead. Package CITATION file contains call(s) to old-style citEntry(). Please use bibentry() instead. The Description field contains <arXiv:2005.02908>). Also conducts sensitivity analyses for unmeasured Please refer to arXiv e-prints via their arXiv DOI <doi:10.48550/arXiv.YYMM.NNNNN>. Flavors: r-devel-linux-x86_64-debian-clang, r-devel-linux-x86_64-debian-gcc

Version: 4.1.3
Check: examples
Result: NOTE Examples with CPU (user + system) or elapsed time > 5s user system elapsed sens_plot 5.438 0.048 7.953 confounded_meta 3.952 0.150 8.108 Flavor: r-devel-linux-x86_64-debian-clang

Version: 4.1.3
Check: dependencies in R code
Result: NOTE Namespace in Imports field not imported from: ‘metadat’ All declared Imports should be used. Flavors: r-devel-linux-x86_64-fedora-clang, r-devel-linux-x86_64-fedora-gcc

These binaries (installable software) and packages are in development.
They may not be fully stable and should be used with caution. We make no claims about them.