Last updated on 2025-02-16 12:53:34 CET.
Flavor | Version | Tinstall | Tcheck | Ttotal | Status | Flags |
---|---|---|---|---|---|---|
r-devel-linux-x86_64-debian-clang | 2.2.2 | 43.34 | 33.40 | 76.74 | OK | |
r-devel-linux-x86_64-debian-gcc | 2.2.2 | 33.61 | 24.30 | 57.91 | OK | |
r-devel-linux-x86_64-fedora-clang | 2.2.2 | 163.76 | OK | |||
r-devel-linux-x86_64-fedora-gcc | 2.2.2 | 147.89 | OK | |||
r-devel-macos-arm64 | 2.2.2 | 32.00 | OK | |||
r-devel-macos-x86_64 | 2.2.2 | 57.00 | OK | |||
r-devel-windows-x86_64 | 2.2.2 | 47.00 | 75.00 | 122.00 | OK | |
r-patched-linux-x86_64 | 2.2.2 | 47.18 | 31.57 | 78.75 | NOTE | |
r-release-linux-x86_64 | 2.2.2 | 46.50 | 31.37 | 77.87 | NOTE | |
r-release-macos-arm64 | 2.2.2 | 36.00 | NOTE | |||
r-release-macos-x86_64 | 2.2.2 | 58.00 | NOTE | |||
r-release-windows-x86_64 | 2.2.2 | 50.00 | 74.00 | 124.00 | NOTE | |
r-oldrel-macos-arm64 | 2.2.2 | 44.00 | NOTE | |||
r-oldrel-macos-x86_64 | 2.2.2 | 79.00 | NOTE | |||
r-oldrel-windows-x86_64 | 2.2.2 | 55.00 | 79.00 | 134.00 | NOTE |
Version: 2.2.2
Check: LazyData
Result: NOTE
'LazyData' is specified without a 'data' directory
Flavors: r-patched-linux-x86_64, r-release-linux-x86_64, r-release-macos-arm64, r-release-macos-x86_64, r-release-windows-x86_64, r-oldrel-macos-arm64, r-oldrel-macos-x86_64, r-oldrel-windows-x86_64
These binaries (installable software) and packages are in development.
They may not be fully stable and should be used with caution. We make no claims about them.