Last updated on 2025-05-01 10:50:09 CEST.
Flavor | Version | Tinstall | Tcheck | Ttotal | Status | Flags |
---|---|---|---|---|---|---|
r-devel-linux-x86_64-debian-clang | 1.3.1 | 9.46 | 158.67 | 168.13 | NOTE | |
r-devel-linux-x86_64-debian-gcc | 1.3.1 | 5.21 | 105.21 | 110.42 | OK | |
r-devel-linux-x86_64-fedora-clang | 1.3.1 | 254.36 | OK | |||
r-devel-linux-x86_64-fedora-gcc | 1.3.1 | 255.44 | OK | |||
r-devel-windows-x86_64 | 1.3.1 | 12.00 | 217.00 | 229.00 | OK | |
r-patched-linux-x86_64 | 1.3.1 | 9.07 | 148.48 | 157.55 | OK | |
r-release-linux-x86_64 | OK | |||||
r-release-macos-arm64 | 1.3.1 | 82.00 | OK | |||
r-release-macos-x86_64 | 1.3.1 | 157.00 | OK | |||
r-release-windows-x86_64 | 1.3.1 | 11.00 | 213.00 | 224.00 | OK | |
r-oldrel-macos-arm64 | 1.3.1 | 80.00 | OK | |||
r-oldrel-macos-x86_64 | 1.3.1 | 122.00 | OK | |||
r-oldrel-windows-x86_64 | 1.3.1 | 14.00 | 268.00 | 282.00 | OK |
Version: 1.3.1
Check: examples
Result: NOTE
Examples with CPU (user + system) or elapsed time > 5s
user system elapsed
plot.EWSmethods 3.633 0.058 5.719
Flavor: r-devel-linux-x86_64-debian-clang
These binaries (installable software) and packages are in development.
They may not be fully stable and should be used with caution. We make no claims about them.