CRAN Package Check Results for Package EXRQ

Last updated on 2025-10-03 11:50:42 CEST.

Flavor Version Tinstall Tcheck Ttotal Status Flags
r-devel-linux-x86_64-debian-clang 1.0 6.71 67.94 74.65 NOTE
r-devel-linux-x86_64-debian-gcc 1.0 4.86 49.65 54.51 NOTE
r-devel-linux-x86_64-fedora-clang 1.0 109.33 OK
r-devel-linux-x86_64-fedora-gcc 1.0 106.90 OK
r-devel-windows-x86_64 1.0 8.00 81.00 89.00 OK
r-patched-linux-x86_64 1.0 7.01 64.04 71.05 OK
r-release-linux-x86_64 1.0 7.29 64.75 72.04 OK
r-release-macos-arm64 1.0 55.00 OK
r-release-macos-x86_64 1.0 93.00 OK
r-release-windows-x86_64 1.0 8.00 80.00 88.00 OK
r-oldrel-macos-arm64 1.0 32.00 OK
r-oldrel-macos-x86_64 1.0 51.00 OK
r-oldrel-windows-x86_64 1.0 10.00 98.00 108.00 OK

Check Details

Version: 1.0
Check: CRAN incoming feasibility
Result: NOTE Maintainer: ‘Huixia Judy Wang <judywang@gwu.edu>’ No Authors@R field in DESCRIPTION. Please add one, modifying Authors@R: person(given = c("Huixia", "Judy"), family = "Wang", role = c("aut", "cre"), email = "judywang@gwu.edu") as necessary. Flavors: r-devel-linux-x86_64-debian-clang, r-devel-linux-x86_64-debian-gcc

These binaries (installable software) and packages are in development.
They may not be fully stable and should be used with caution. We make no claims about them.