Last updated on 2025-07-19 21:49:34 CEST.
Flavor | Version | Tinstall | Tcheck | Ttotal | Status | Flags |
---|---|---|---|---|---|---|
r-devel-linux-x86_64-debian-clang | 0.1.2 | 20.60 | 58.53 | 79.13 | NOTE | |
r-devel-linux-x86_64-debian-gcc | 0.1.2 | 15.14 | 42.81 | 57.95 | NOTE | |
r-devel-linux-x86_64-fedora-clang | 0.1.2 | 129.91 | OK | |||
r-devel-linux-x86_64-fedora-gcc | 0.1.2 | 143.62 | OK | |||
r-devel-windows-x86_64 | 0.1.2 | 23.00 | 100.00 | 123.00 | OK | |
r-patched-linux-x86_64 | 0.1.2 | 22.54 | 55.21 | 77.75 | OK | |
r-release-linux-x86_64 | 0.1.2 | 19.55 | 55.46 | 75.01 | OK | |
r-release-macos-arm64 | 0.1.2 | 42.00 | OK | |||
r-release-macos-x86_64 | 0.1.2 | 78.00 | OK | |||
r-release-windows-x86_64 | 0.1.2 | 22.00 | 97.00 | 119.00 | OK | |
r-oldrel-macos-arm64 | 0.1.2 | 40.00 | OK | |||
r-oldrel-macos-x86_64 | 0.1.2 | 63.00 | OK | |||
r-oldrel-windows-x86_64 | 0.1.2 | 24.00 | 118.00 | 142.00 | OK |
Version: 0.1.2
Check: CRAN incoming feasibility
Result: NOTE
Maintainer: ‘Ehouarn Le Faou <ehouarnlefaou@orange.fr>’
No Authors@R field in DESCRIPTION.
Please add one, modifying
Authors@R: person(given = "Ehouarn",
family = "Le Faou",
role = c("aut", "cre"),
email = "ehouarnlefaou@orange.fr")
as necessary.
Flavors: r-devel-linux-x86_64-debian-clang, r-devel-linux-x86_64-debian-gcc
These binaries (installable software) and packages are in development.
They may not be fully stable and should be used with caution. We make no claims about them.