Last updated on 2025-07-22 13:49:12 CEST.
Flavor | Version | Tinstall | Tcheck | Ttotal | Status | Flags |
---|---|---|---|---|---|---|
r-devel-linux-x86_64-debian-clang | 0.3-2 | 9.59 | 77.05 | 86.64 | NOTE | |
r-devel-linux-x86_64-debian-gcc | 0.3-2 | 6.78 | 57.64 | 64.42 | NOTE | |
r-devel-linux-x86_64-fedora-clang | 0.3-2 | 134.69 | OK | |||
r-devel-linux-x86_64-fedora-gcc | 0.3-2 | 123.97 | OK | |||
r-devel-windows-x86_64 | 0.3-2 | 10.00 | 94.00 | 104.00 | OK | |
r-patched-linux-x86_64 | 0.3-2 | 10.42 | 73.63 | 84.05 | NOTE | |
r-release-linux-x86_64 | 0.3-2 | 8.63 | 73.59 | 82.22 | NOTE | |
r-release-macos-arm64 | 0.3-2 | 42.00 | OK | |||
r-release-macos-x86_64 | 0.3-2 | 75.00 | OK | |||
r-release-windows-x86_64 | 0.3-2 | 10.00 | 93.00 | 103.00 | OK | |
r-oldrel-macos-arm64 | 0.3-2 | 38.00 | OK | |||
r-oldrel-macos-x86_64 | 0.3-2 | 59.00 | OK | |||
r-oldrel-windows-x86_64 | 0.3-2 | 13.00 | 111.00 | 124.00 | OK |
Version: 0.3-2
Check: for unstated dependencies in ‘demo’
Result: NOTE
'library' or 'require' call not declared from: ‘lavaan’
Flavors: r-devel-linux-x86_64-debian-clang, r-devel-linux-x86_64-debian-gcc, r-patched-linux-x86_64, r-release-linux-x86_64
These binaries (installable software) and packages are in development.
They may not be fully stable and should be used with caution. We make no claims about them.