Last updated on 2025-07-04 21:50:05 CEST.
Flavor | Version | Tinstall | Tcheck | Ttotal | Status | Flags |
---|---|---|---|---|---|---|
r-devel-linux-x86_64-debian-clang | 1.1.2 | 1740.04 | 247.18 | 1987.22 | OK | |
r-devel-linux-x86_64-debian-gcc | 1.1.2 | 1354.59 | 277.54 | 1632.13 | OK | |
r-devel-linux-x86_64-fedora-clang | 1.1.2 | 2736.52 | NOTE | |||
r-devel-linux-x86_64-fedora-gcc | 1.1.2 | 3970.96 | NOTE | |||
r-devel-windows-x86_64 | 1.1.2 | 1572.00 | 389.00 | 1961.00 | OK | |
r-patched-linux-x86_64 | 1.1.2 | 1964.03 | 376.61 | 2340.64 | OK | |
r-release-linux-x86_64 | 1.1.2 | 1942.97 | 375.98 | 2318.95 | OK | |
r-release-macos-arm64 | 1.1.2 | 732.00 | OK | |||
r-release-macos-x86_64 | 1.1.2 | 475.00 | OK | |||
r-release-windows-x86_64 | 1.1.2 | 1586.00 | 412.00 | 1998.00 | OK | |
r-oldrel-macos-arm64 | 1.1.2 | 492.00 | NOTE | |||
r-oldrel-macos-x86_64 | 1.1.2 | 569.00 | NOTE | |||
r-oldrel-windows-x86_64 | 1.1.2 | 1919.00 | 496.00 | 2415.00 | NOTE |
Version: 1.1.2
Check: dependencies in R code
Result: NOTE
Namespaces in Imports field not imported from:
‘RcppParallel’ ‘rstantools’
All declared Imports should be used.
Flavors: r-devel-linux-x86_64-fedora-clang, r-devel-linux-x86_64-fedora-gcc
Version: 1.1.2
Check: installed package size
Result: NOTE
installed size is 224.4Mb
sub-directories of 1Mb or more:
doc 3.5Mb
libs 219.9Mb
Flavors: r-oldrel-macos-arm64, r-oldrel-macos-x86_64, r-oldrel-windows-x86_64
Version: 1.1.2
Check: for GNU extensions in Makefiles
Result: NOTE
GNU make is a SystemRequirements.
Flavors: r-oldrel-macos-arm64, r-oldrel-macos-x86_64
These binaries (installable software) and packages are in development.
They may not be fully stable and should be used with caution. We make no claims about them.