CRAN Package Check Results for Package EcoEnsemble

Last updated on 2025-05-21 21:49:15 CEST.

Flavor Version Tinstall Tcheck Ttotal Status Flags
r-devel-linux-x86_64-debian-clang 1.1.2 1682.17 253.86 1936.03 OK
r-devel-linux-x86_64-debian-gcc 1.1.2 1378.52 281.56 1660.08 OK
r-devel-linux-x86_64-fedora-clang 1.1.2 2669.60 NOTE
r-devel-linux-x86_64-fedora-gcc 1.1.2 4489.21 NOTE
r-devel-windows-x86_64 1.1.2 1638.00 405.00 2043.00 OK
r-patched-linux-x86_64 1.1.2 1878.48 374.76 2253.24 OK
r-release-linux-x86_64 1.1.2 1889.01 378.53 2267.54 OK
r-release-macos-arm64 1.1.2 732.00 OK
r-release-macos-x86_64 1.1.2 475.00 OK
r-release-windows-x86_64 1.1.2 1659.00 404.00 2063.00 OK
r-oldrel-macos-arm64 1.1.2 492.00 NOTE
r-oldrel-macos-x86_64 1.1.2 569.00 NOTE
r-oldrel-windows-x86_64 1.1.2 1912.00 494.00 2406.00 NOTE

Check Details

Version: 1.1.2
Check: dependencies in R code
Result: NOTE Namespaces in Imports field not imported from: ‘RcppParallel’ ‘rstantools’ All declared Imports should be used. Flavors: r-devel-linux-x86_64-fedora-clang, r-devel-linux-x86_64-fedora-gcc

Version: 1.1.2
Check: installed package size
Result: NOTE installed size is 224.4Mb sub-directories of 1Mb or more: doc 3.5Mb libs 219.9Mb Flavors: r-oldrel-macos-arm64, r-oldrel-macos-x86_64, r-oldrel-windows-x86_64

Version: 1.1.2
Check: for GNU extensions in Makefiles
Result: NOTE GNU make is a SystemRequirements. Flavors: r-oldrel-macos-arm64, r-oldrel-macos-x86_64

These binaries (installable software) and packages are in development.
They may not be fully stable and should be used with caution. We make no claims about them.