Last updated on 2025-05-01 14:49:08 CEST.
Flavor | Version | Tinstall | Tcheck | Ttotal | Status | Flags |
---|---|---|---|---|---|---|
r-devel-linux-x86_64-debian-clang | 0.1.1 | 2.25 | 33.44 | 35.69 | NOTE | |
r-devel-linux-x86_64-debian-gcc | 0.1.1 | 1.67 | 24.33 | 26.00 | OK | |
r-devel-linux-x86_64-fedora-clang | 0.1.1 | 59.91 | OK | |||
r-devel-linux-x86_64-fedora-gcc | 0.1.1 | 55.85 | OK | |||
r-devel-windows-x86_64 | 0.1.1 | 4.00 | 59.00 | 63.00 | OK | |
r-patched-linux-x86_64 | 0.1.1 | 2.55 | 31.83 | 34.38 | OK | |
r-release-linux-x86_64 | OK | |||||
r-release-macos-arm64 | 0.1.1 | 21.00 | OK | |||
r-release-macos-x86_64 | 0.1.1 | 48.00 | OK | |||
r-release-windows-x86_64 | 0.1.1 | 4.00 | 58.00 | 62.00 | OK | |
r-oldrel-macos-arm64 | 0.1.1 | 27.00 | OK | |||
r-oldrel-macos-x86_64 | 0.1.1 | 42.00 | OK | |||
r-oldrel-windows-x86_64 | 0.1.1 | 5.00 | 67.00 | 72.00 | OK |
Version: 0.1.1
Check: examples
Result: NOTE
Examples with CPU (user + system) or elapsed time > 5s
user system elapsed
best_arima 6.114 0.055 8.016
Flavor: r-devel-linux-x86_64-debian-clang
These binaries (installable software) and packages are in development.
They may not be fully stable and should be used with caution. We make no claims about them.