Last updated on 2025-11-13 17:50:32 CET.
| Flavor | Version | Tinstall | Tcheck | Ttotal | Status | Flags |
|---|---|---|---|---|---|---|
| r-devel-linux-x86_64-debian-clang | 0.2.4 | 7.87 | 59.13 | 67.00 | NOTE | |
| r-devel-linux-x86_64-debian-gcc | 0.2.4 | 5.43 | 43.82 | 49.25 | NOTE | |
| r-devel-linux-x86_64-fedora-clang | 0.2.4 | 17.00 | 84.54 | 101.54 | OK | |
| r-devel-linux-x86_64-fedora-gcc | 0.2.4 | 20.00 | 76.47 | 96.47 | OK | |
| r-devel-windows-x86_64 | 0.2.4 | 13.00 | 70.00 | 83.00 | OK | |
| r-patched-linux-x86_64 | 0.2.4 | 7.75 | 52.83 | 60.58 | OK | |
| r-release-linux-x86_64 | 0.2.4 | 6.81 | 53.35 | 60.16 | OK | |
| r-release-macos-arm64 | 0.2.4 | 7.00 | 33.00 | 40.00 | OK | |
| r-release-macos-x86_64 | 0.2.4 | 9.00 | 40.00 | 49.00 | OK | |
| r-release-windows-x86_64 | 0.2.4 | 12.00 | 70.00 | 82.00 | OK | |
| r-oldrel-macos-arm64 | 0.2.4 | 5.00 | 25.00 | 30.00 | OK | |
| r-oldrel-macos-x86_64 | 0.2.4 | 7.00 | 33.00 | 40.00 | OK | |
| r-oldrel-windows-x86_64 | 0.2.4 | 16.00 | 89.00 | 105.00 | OK |
Version: 0.2.4
Check: CRAN incoming feasibility
Result: NOTE
Maintainer: ‘Carl Boettiger <cboettig@gmail.com>’
The Description field contains
<arXiv:1708.01242>.
Please refer to arXiv e-prints via their arXiv DOI <doi:10.48550/arXiv.YYMM.NNNNN>.
Flavors: r-devel-linux-x86_64-debian-clang, r-devel-linux-x86_64-debian-gcc
These binaries (installable software) and packages are in development.
They may not be fully stable and should be used with caution. We make no claims about them.