Last updated on 2025-11-11 15:50:32 CET.
| Flavor | Version | Tinstall | Tcheck | Ttotal | Status | Flags |
|---|---|---|---|---|---|---|
| r-devel-linux-x86_64-debian-clang | 1.0 | 1.78 | 19.18 | 20.96 | OK | |
| r-devel-linux-x86_64-debian-gcc | 1.0 | 1.46 | 16.05 | 17.51 | OK | |
| r-devel-linux-x86_64-fedora-clang | 1.0 | 31.05 | OK | |||
| r-devel-linux-x86_64-fedora-gcc | 1.0 | 29.81 | OK | |||
| r-devel-windows-x86_64 | 1.0 | 4.00 | 38.00 | 42.00 | OK | |
| r-patched-linux-x86_64 | 1.0 | 1.80 | 18.30 | 20.10 | OK | |
| r-release-linux-x86_64 | 1.0 | 1.86 | 18.22 | 20.08 | OK | |
| r-release-macos-arm64 | 1.0 | 1.00 | 14.00 | 15.00 | OK | |
| r-release-macos-x86_64 | 1.0 | 2.00 | 19.00 | 21.00 | OK | |
| r-release-windows-x86_64 | 1.0 | 2.00 | 35.00 | 37.00 | OK | |
| r-oldrel-macos-arm64 | 1.0 | 1.00 | 13.00 | 14.00 | NOTE | |
| r-oldrel-macos-x86_64 | 1.0 | 1.00 | 19.00 | 20.00 | NOTE | |
| r-oldrel-windows-x86_64 | 1.0 | 3.00 | 38.00 | 41.00 | NOTE |
Version: 1.0
Check: LazyData
Result: NOTE
'LazyData' is specified without a 'data' directory
Flavors: r-oldrel-macos-arm64, r-oldrel-macos-x86_64, r-oldrel-windows-x86_64
These binaries (installable software) and packages are in development.
They may not be fully stable and should be used with caution. We make no claims about them.