CRAN Package Check Results for Package EcotoneFinder

Last updated on 2025-05-08 04:52:03 CEST.

Flavor Version Tinstall Tcheck Ttotal Status Flags
r-devel-linux-x86_64-debian-clang 0.2.3 4.02 86.91 90.93 NOTE
r-devel-linux-x86_64-debian-gcc 0.2.3 3.27 57.05 60.32 NOTE
r-devel-linux-x86_64-fedora-clang 0.2.3 157.53 NOTE
r-devel-linux-x86_64-fedora-gcc 0.2.3 145.03 NOTE
r-devel-windows-x86_64 0.2.3 6.00 105.00 111.00 OK
r-patched-linux-x86_64 0.2.3 4.92 82.57 87.49 OK
r-release-linux-x86_64 0.2.3 4.43 82.80 87.23 OK
r-release-macos-arm64 0.2.3 37.00 OK
r-release-macos-x86_64 0.2.3 80.00 OK
r-release-windows-x86_64 0.2.3 6.00 105.00 111.00 OK
r-oldrel-macos-arm64 0.2.3 40.00 NOTE
r-oldrel-macos-x86_64 0.2.3 60.00 NOTE
r-oldrel-windows-x86_64 0.2.3 8.00 145.00 153.00 NOTE

Check Details

Version: 0.2.3
Check: CRAN incoming feasibility
Result: NOTE Maintainer: ‘Antoine Bagnaro <antoine.bagnaro@wanadoo.fr>’ No Authors@R field in DESCRIPTION. Please add one, modifying Authors@R: person(given = "Antoine", family = "Bagnaro", role = c("aut", "cre"), email = "antoine.bagnaro@wanadoo.fr") as necessary. Flavors: r-devel-linux-x86_64-debian-clang, r-devel-linux-x86_64-debian-gcc

Version: 0.2.3
Check: dependencies in R code
Result: NOTE Namespaces in Imports field not imported from: ‘Rmisc’ ‘rlang’ All declared Imports should be used. Flavors: r-devel-linux-x86_64-fedora-clang, r-devel-linux-x86_64-fedora-gcc

Version: 0.2.3
Check: LazyData
Result: NOTE 'LazyData' is specified without a 'data' directory Flavors: r-oldrel-macos-arm64, r-oldrel-macos-x86_64, r-oldrel-windows-x86_64

These binaries (installable software) and packages are in development.
They may not be fully stable and should be used with caution. We make no claims about them.