Last updated on 2025-02-19 08:50:40 CET.
Flavor | Version | Tinstall | Tcheck | Ttotal | Status | Flags |
---|---|---|---|---|---|---|
r-devel-linux-x86_64-debian-clang | 0.1-3 | 3.44 | 33.09 | 36.53 | OK | |
r-devel-linux-x86_64-debian-gcc | 0.1-3 | 2.63 | 25.61 | 28.24 | OK | |
r-devel-linux-x86_64-fedora-clang | 0.1-3 | 56.14 | OK | |||
r-devel-linux-x86_64-fedora-gcc | 0.1-3 | 54.35 | OK | |||
r-devel-macos-arm64 | 0.1-3 | 22.00 | OK | |||
r-devel-macos-x86_64 | 0.1-3 | 36.00 | OK | |||
r-devel-windows-x86_64 | 0.1-3 | 5.00 | 53.00 | 58.00 | OK | |
r-patched-linux-x86_64 | 0.1-3 | 3.09 | 31.78 | 34.87 | OK | |
r-release-linux-x86_64 | 0.1-3 | 3.28 | 30.78 | 34.06 | OK | |
r-release-macos-arm64 | 0.1-3 | 20.00 | OK | |||
r-release-macos-x86_64 | 0.1-3 | 30.00 | OK | |||
r-release-windows-x86_64 | 0.1-3 | 4.00 | 52.00 | 56.00 | OK | |
r-oldrel-macos-arm64 | 0.1-3 | 21.00 | OK | |||
r-oldrel-macos-x86_64 | 0.1-3 | 36.00 | NOTE | |||
r-oldrel-windows-x86_64 | 0.1-3 | 5.00 | 62.00 | 67.00 | OK |
Version: 0.1-3
Check: package dependencies
Result: NOTE
Packages suggested but not available for checking: 'DIFboost', 'VGAMdata'
Flavor: r-oldrel-macos-x86_64
Version: 0.1-3
Check: Rd cross-references
Result: NOTE
Package unavailable to check Rd xrefs: ‘DIFboost’
Flavor: r-oldrel-macos-x86_64
These binaries (installable software) and packages are in development.
They may not be fully stable and should be used with caution. We make no claims about them.