Last updated on 2025-11-24 15:49:50 CET.
| Flavor | Version | Tinstall | Tcheck | Ttotal | Status | Flags |
|---|---|---|---|---|---|---|
| r-devel-linux-x86_64-debian-clang | 1.1 | 3.79 | 34.92 | 38.71 | NOTE | |
| r-devel-linux-x86_64-debian-gcc | 1.1 | 2.73 | 26.02 | 28.75 | NOTE | |
| r-devel-linux-x86_64-fedora-clang | 1.1 | 59.60 | OK | |||
| r-devel-linux-x86_64-fedora-gcc | 1.1 | 55.47 | OK | |||
| r-devel-windows-x86_64 | 1.1 | 7.00 | 51.00 | 58.00 | OK | |
| r-patched-linux-x86_64 | 1.1 | 4.27 | 32.35 | 36.62 | OK | |
| r-release-linux-x86_64 | 1.1 | 3.99 | 32.41 | 36.40 | OK | |
| r-release-macos-arm64 | 1.1 | OK | ||||
| r-release-macos-x86_64 | 1.1 | 3.00 | 31.00 | 34.00 | OK | |
| r-release-windows-x86_64 | 1.1 | 5.00 | 49.00 | 54.00 | OK | |
| r-oldrel-macos-arm64 | 1.1 | OK | ||||
| r-oldrel-macos-x86_64 | 1.1 | 3.00 | 26.00 | 29.00 | OK | |
| r-oldrel-windows-x86_64 | 1.1 | 6.00 | 50.00 | 56.00 | OK |
Version: 1.1
Check: CRAN incoming feasibility
Result: NOTE
Maintainer: ‘Wim Van der Elst <Wim.vanderelst@gmail.com>’
No Authors@R field in DESCRIPTION.
Please add one, modifying
Authors@R: c(person(given = "Wim",
family = "Van der Elst",
role = c("aut", "cre"),
email = "wim.vanderelst@gmail.com"),
person(given = c("Ariel", "Alonso", "&", "Geert"),
family = "Molenberghs",
role = "aut"))
as necessary.
Flavors: r-devel-linux-x86_64-debian-clang, r-devel-linux-x86_64-debian-gcc
These binaries (installable software) and packages are in development.
They may not be fully stable and should be used with caution. We make no claims about them.