Last updated on 2025-05-01 17:56:02 CEST.
Flavor | Version | Tinstall | Tcheck | Ttotal | Status | Flags |
---|---|---|---|---|---|---|
r-devel-linux-x86_64-debian-clang | 1.1 | 3.64 | 32.22 | 35.86 | NOTE | |
r-devel-linux-x86_64-debian-gcc | 1.1 | 3.05 | 23.95 | 27.00 | NOTE | |
r-devel-linux-x86_64-fedora-clang | 1.1 | 57.83 | OK | |||
r-devel-linux-x86_64-fedora-gcc | 1.1 | 53.72 | OK | |||
r-devel-windows-x86_64 | 1.1 | 5.00 | 57.00 | 62.00 | OK | |
r-patched-linux-x86_64 | 1.1 | 4.19 | 30.76 | 34.95 | OK | |
r-release-linux-x86_64 | OK | |||||
r-release-macos-arm64 | 1.1 | 22.00 | OK | |||
r-release-macos-x86_64 | 1.1 | 34.00 | OK | |||
r-release-windows-x86_64 | 1.1 | 5.00 | 53.00 | 58.00 | OK | |
r-oldrel-macos-arm64 | 1.1 | 19.00 | OK | |||
r-oldrel-macos-x86_64 | 1.1 | 29.00 | OK | |||
r-oldrel-windows-x86_64 | 1.1 | 6.00 | 50.00 | 56.00 | OK |
Version: 1.1
Check: CRAN incoming feasibility
Result: NOTE
Maintainer: ‘Wim Van der Elst <Wim.vanderelst@gmail.com>’
No Authors@R field in DESCRIPTION.
Please add one, modifying
Authors@R: c(person(given = "Wim",
family = "Van der Elst",
role = c("aut", "cre"),
email = "wim.vanderelst@gmail.com"),
person(given = c("Ariel", "Alonso", "&", "Geert"),
family = "Molenberghs",
role = "aut"))
as necessary.
Flavors: r-devel-linux-x86_64-debian-clang, r-devel-linux-x86_64-debian-gcc
These binaries (installable software) and packages are in development.
They may not be fully stable and should be used with caution. We make no claims about them.