Last updated on 2025-05-07 15:49:15 CEST.
Flavor | Version | Tinstall | Tcheck | Ttotal | Status | Flags |
---|---|---|---|---|---|---|
r-devel-linux-x86_64-debian-clang | 1.2.0 | 15.73 | 76.26 | 91.99 | OK | |
r-devel-linux-x86_64-debian-gcc | 1.2.0 | 9.52 | 49.64 | 59.16 | OK | |
r-devel-linux-x86_64-fedora-clang | 1.2.0 | 139.07 | OK | |||
r-devel-linux-x86_64-fedora-gcc | 1.2.0 | 143.99 | OK | |||
r-devel-windows-x86_64 | 1.2.0 | 15.00 | 78.00 | 93.00 | OK | |
r-patched-linux-x86_64 | 1.2.0 | 15.57 | 71.87 | 87.44 | OK | |
r-release-linux-x86_64 | 1.2.0 | 16.78 | 70.93 | 87.71 | OK | |
r-release-macos-arm64 | 1.2.0 | 37.00 | OK | |||
r-release-macos-x86_64 | 1.2.0 | 74.00 | OK | |||
r-release-windows-x86_64 | 1.2.0 | 16.00 | 80.00 | 96.00 | OK | |
r-oldrel-macos-arm64 | 1.2.0 | 32.00 | NOTE | |||
r-oldrel-macos-x86_64 | 1.2.0 | 59.00 | NOTE | |||
r-oldrel-windows-x86_64 | 1.2.0 | 20.00 | 97.00 | 117.00 | NOTE |
Version: 1.2.0
Check: LazyData
Result: NOTE
'LazyData' is specified without a 'data' directory
Flavors: r-oldrel-macos-arm64, r-oldrel-macos-x86_64, r-oldrel-windows-x86_64
These binaries (installable software) and packages are in development.
They may not be fully stable and should be used with caution. We make no claims about them.