Last updated on 2025-05-08 04:52:04 CEST.
Flavor | Version | Tinstall | Tcheck | Ttotal | Status | Flags |
---|---|---|---|---|---|---|
r-devel-linux-x86_64-debian-clang | 0.29.4 | 23.84 | 118.83 | 142.67 | NOTE | |
r-devel-linux-x86_64-debian-gcc | 0.29.4 | 15.84 | 94.06 | 109.90 | NOTE | |
r-devel-linux-x86_64-fedora-clang | 0.29.4 | 222.54 | OK | |||
r-devel-linux-x86_64-fedora-gcc | 0.29.4 | 247.38 | OK | |||
r-devel-windows-x86_64 | 0.29.4 | 27.00 | 162.00 | 189.00 | NOTE | |
r-patched-linux-x86_64 | 0.29.4 | 22.23 | 117.63 | 139.86 | OK | |
r-release-linux-x86_64 | 0.29.4 | 24.17 | 117.97 | 142.14 | OK | |
r-release-macos-arm64 | 0.29.4 | 102.00 | OK | |||
r-release-macos-x86_64 | 0.29.4 | 223.00 | OK | |||
r-release-windows-x86_64 | 0.29.4 | 26.00 | 162.00 | 188.00 | NOTE | |
r-oldrel-macos-arm64 | 0.29.4 | 74.00 | OK | |||
r-oldrel-macos-x86_64 | 0.29.4 | 109.00 | OK | |||
r-oldrel-windows-x86_64 | 0.29.4 | 30.00 | 185.00 | 215.00 | NOTE |
Version: 0.29.4
Check: CRAN incoming feasibility
Result: NOTE
Maintainer: ‘Christof Neumann <christofneumann1@gmail.com>’
No Authors@R field in DESCRIPTION.
Please add one, modifying
Authors@R: person(given = "Christof",
family = "Neumann",
role = c("aut", "cre"),
email = "christofneumann1@gmail.com")
as necessary.
Flavors: r-devel-linux-x86_64-debian-clang, r-devel-linux-x86_64-debian-gcc
Version: 0.29.4
Check: C++ specification
Result: NOTE
Specified C++11: please drop specification unless essential
Flavors: r-devel-windows-x86_64, r-release-windows-x86_64, r-oldrel-windows-x86_64
These binaries (installable software) and packages are in development.
They may not be fully stable and should be used with caution. We make no claims about them.