Last updated on 2025-02-16 10:50:45 CET.
Flavor | Version | Tinstall | Tcheck | Ttotal | Status | Flags |
---|---|---|---|---|---|---|
r-devel-linux-x86_64-debian-clang | 0.29.4 | 20.86 | 122.54 | 143.40 | OK | |
r-devel-linux-x86_64-debian-gcc | 0.29.4 | 16.14 | 93.40 | 109.54 | OK | |
r-devel-linux-x86_64-fedora-clang | 0.29.4 | 231.41 | OK | |||
r-devel-linux-x86_64-fedora-gcc | 0.29.4 | 251.60 | OK | |||
r-devel-macos-arm64 | 0.29.4 | 93.00 | OK | |||
r-devel-macos-x86_64 | 0.29.4 | 207.00 | OK | |||
r-devel-windows-x86_64 | 0.29.4 | 24.00 | 154.00 | 178.00 | NOTE | |
r-patched-linux-x86_64 | 0.29.4 | 20.87 | 125.05 | 145.92 | OK | |
r-release-linux-x86_64 | 0.29.4 | 20.32 | 125.39 | 145.71 | OK | |
r-release-macos-arm64 | 0.29.4 | 74.00 | OK | |||
r-release-macos-x86_64 | 0.29.4 | 109.00 | OK | |||
r-release-windows-x86_64 | 0.29.4 | 24.00 | 160.00 | 184.00 | NOTE | |
r-oldrel-macos-arm64 | 0.29.4 | 79.00 | OK | |||
r-oldrel-macos-x86_64 | 0.29.4 | 129.00 | OK | |||
r-oldrel-windows-x86_64 | 0.29.4 | 31.00 | 179.00 | 210.00 | NOTE |
Version: 0.29.4
Check: C++ specification
Result: NOTE
Specified C++11: please drop specification unless essential
Flavors: r-devel-windows-x86_64, r-release-windows-x86_64, r-oldrel-windows-x86_64
These binaries (installable software) and packages are in development.
They may not be fully stable and should be used with caution. We make no claims about them.