Last updated on 2025-02-16 10:50:45 CET.
Flavor | Version | Tinstall | Tcheck | Ttotal | Status | Flags |
---|---|---|---|---|---|---|
r-devel-linux-x86_64-debian-clang | 0.5.0 | 401.89 | 249.41 | 651.30 | OK | |
r-devel-linux-x86_64-debian-gcc | 0.5.0 | 375.04 | 212.15 | 587.19 | OK | |
r-devel-linux-x86_64-fedora-clang | 0.5.0 | 1073.61 | OK | |||
r-devel-linux-x86_64-fedora-gcc | 0.5.0 | 1521.71 | OK | |||
r-devel-macos-arm64 | 0.5.0 | 279.00 | OK | |||
r-devel-macos-x86_64 | 0.5.0 | 533.00 | OK | |||
r-devel-windows-x86_64 | 0.5.0 | 394.00 | 352.00 | 746.00 | OK | |
r-patched-linux-x86_64 | 0.5.0 | 501.88 | 290.77 | 792.65 | NOTE | |
r-release-linux-x86_64 | 0.5.0 | 515.16 | 290.85 | 806.01 | NOTE | |
r-release-macos-arm64 | 0.5.0 | 156.00 | NOTE | |||
r-release-macos-x86_64 | 0.5.0 | 188.00 | NOTE | |||
r-release-windows-x86_64 | 0.5.0 | 399.00 | 354.00 | 753.00 | NOTE | |
r-oldrel-macos-arm64 | 0.5.0 | 299.00 | NOTE | |||
r-oldrel-macos-x86_64 | 0.5.0 | 386.00 | NOTE | |||
r-oldrel-windows-x86_64 | 0.5.0 | 540.00 | 410.00 | 950.00 | NOTE |
Version: 0.5.0
Check: for GNU extensions in Makefiles
Result: NOTE
GNU make is a SystemRequirements.
Flavors: r-patched-linux-x86_64, r-release-linux-x86_64, r-release-macos-arm64, r-release-macos-x86_64, r-release-windows-x86_64, r-oldrel-macos-arm64, r-oldrel-macos-x86_64, r-oldrel-windows-x86_64
Version: 0.5.0
Check: installed package size
Result: NOTE
installed size is 85.7Mb
sub-directories of 1Mb or more:
libs 84.5Mb
Flavors: r-release-macos-arm64, r-release-macos-x86_64, r-release-windows-x86_64, r-oldrel-macos-arm64, r-oldrel-macos-x86_64, r-oldrel-windows-x86_64
These binaries (installable software) and packages are in development.
They may not be fully stable and should be used with caution. We make no claims about them.