CRAN Package Check Results for Package EmiR

Last updated on 2025-10-23 11:50:12 CEST.

Flavor Version Tinstall Tcheck Ttotal Status Flags
r-devel-linux-x86_64-debian-clang 1.0.5 223.16 42.06 265.22 NOTE
r-devel-linux-x86_64-debian-gcc 1.0.5 161.77 31.30 193.07 OK
r-devel-linux-x86_64-fedora-clang 1.0.5 560.00 13.93 573.93 OK
r-devel-linux-x86_64-fedora-gcc 1.0.5 578.00 -64.14 513.86 OK
r-devel-windows-x86_64 1.0.5 265.00 91.00 356.00 OK
r-patched-linux-x86_64 1.0.5 223.16 39.17 262.33 OK
r-release-linux-x86_64 1.0.5 233.17 38.64 271.81 OK
r-release-macos-arm64 1.0.5 87.00 21.00 108.00 OK
r-release-macos-x86_64 1.0.5 80.00 39.00 119.00 OK
r-release-windows-x86_64 1.0.5 293.00 90.00 383.00 OK
r-oldrel-macos-arm64 1.0.5 86.00 26.00 112.00 NOTE
r-oldrel-macos-x86_64 1.0.5 68.00 42.00 110.00 NOTE
r-oldrel-windows-x86_64 1.0.5 319.00 110.00 429.00 OK

Check Details

Version: 1.0.5
Check: HTML version of manual
Result: NOTE Found the following HTML validation problems: animate_population.html:52:1 (animate_population.Rd:12): Warning: missing </ul> before </div> plot_history.html:50:1 (plot_history.Rd:12): Warning: missing </ul> before </div> plot_population.html:55:1 (plot_population.Rd:14): Warning: missing </ul> before </div> Flavor: r-devel-linux-x86_64-debian-clang

Version: 1.0.5
Check: installed package size
Result: NOTE installed size is 15.0Mb sub-directories of 1Mb or more: libs 14.6Mb Flavors: r-oldrel-macos-arm64, r-oldrel-macos-x86_64

These binaries (installable software) and packages are in development.
They may not be fully stable and should be used with caution. We make no claims about them.