CRAN Package Check Results for Package EnergyOnlineCPM

Last updated on 2025-10-03 05:53:31 CEST.

Flavor Version Tinstall Tcheck Ttotal Status Flags
r-devel-linux-x86_64-debian-clang 1.0 2.14 24.97 27.11 NOTE
r-devel-linux-x86_64-debian-gcc 1.0 1.92 20.14 22.06 NOTE
r-devel-linux-x86_64-fedora-clang 1.0 43.25 OK
r-devel-linux-x86_64-fedora-gcc 1.0 40.74 OK
r-devel-windows-x86_64 1.0 4.00 43.00 47.00 OK
r-patched-linux-x86_64 1.0 2.16 24.00 26.16 OK
r-release-linux-x86_64 1.0 2.52 23.78 26.30 OK
r-release-macos-arm64 1.0 33.00 OK
r-release-macos-x86_64 1.0 53.00 OK
r-release-windows-x86_64 1.0 5.00 43.00 48.00 OK
r-oldrel-macos-arm64 1.0 30.00 OK
r-oldrel-macos-x86_64 1.0 45.00 OK
r-oldrel-windows-x86_64 1.0 3.00 50.00 53.00 OK

Check Details

Version: 1.0
Check: CRAN incoming feasibility
Result: NOTE Maintainer: ‘Yafei Xu <yafei.xu@hotmail.de>’ No Authors@R field in DESCRIPTION. Please add one, modifying Authors@R: person(given = "Yafei", family = "Xu", role = c("aut", "cre"), email = "yafei.xu@hotmail.de") as necessary. Flavors: r-devel-linux-x86_64-debian-clang, r-devel-linux-x86_64-debian-gcc

These binaries (installable software) and packages are in development.
They may not be fully stable and should be used with caution. We make no claims about them.