Last updated on 2025-05-01 17:56:02 CEST.
Flavor | Version | Tinstall | Tcheck | Ttotal | Status | Flags |
---|---|---|---|---|---|---|
r-devel-linux-x86_64-debian-clang | 0.1-8 | 2.21 | 26.55 | 28.76 | NOTE | |
r-devel-linux-x86_64-debian-gcc | 0.1-8 | 1.79 | 19.91 | 21.70 | NOTE | |
r-devel-linux-x86_64-fedora-clang | 0.1-8 | 43.41 | OK | |||
r-devel-linux-x86_64-fedora-gcc | 0.1-8 | 44.13 | OK | |||
r-devel-windows-x86_64 | 0.1-8 | 4.00 | 69.00 | 73.00 | OK | |
r-patched-linux-x86_64 | 0.1-8 | 3.18 | 24.98 | 28.16 | OK | |
r-release-linux-x86_64 | OK | |||||
r-release-macos-arm64 | 0.1-8 | 22.00 | OK | |||
r-release-macos-x86_64 | 0.1-8 | 36.00 | OK | |||
r-release-windows-x86_64 | 0.1-8 | 3.00 | 155.00 | 158.00 | OK | |
r-oldrel-macos-arm64 | 0.1-8 | 21.00 | OK | |||
r-oldrel-macos-x86_64 | 0.1-8 | 30.00 | OK | |||
r-oldrel-windows-x86_64 | 0.1-8 | 4.00 | 68.00 | 72.00 | OK |
Version: 0.1-8
Check: CRAN incoming feasibility
Result: NOTE
Maintainer: ‘Douglas Bates <bates@stat.wisc.edu>’
No Authors@R field in DESCRIPTION.
Please add one, modifying
Authors@R: c(person(given = c("R", "port", "by", "Douglas"),
family = "Bates",
role = "aut",
email = "bates@stat.wisc.edu"),
person(given = c("Karen", "A.F."),
family = "Copeland",
role = "aut",
email = "karen@boulderstats.com"),
person(given = "Douglas",
family = "Bates",
role = "cre",
email = "bates@stat.wisc.edu"))
as necessary.
Flavors: r-devel-linux-x86_64-debian-clang, r-devel-linux-x86_64-debian-gcc
These binaries (installable software) and packages are in development.
They may not be fully stable and should be used with caution. We make no claims about them.