CRAN Package Check Results for Package EntropicStatistics

Last updated on 2025-05-01 17:56:02 CEST.

Flavor Version Tinstall Tcheck Ttotal Status Flags
r-devel-linux-x86_64-debian-clang 0.1.0 5.52 52.54 58.06 NOTE
r-devel-linux-x86_64-debian-gcc 0.1.0 4.53 36.96 41.49 NOTE
r-devel-linux-x86_64-fedora-clang 0.1.0 85.08 NOTE
r-devel-linux-x86_64-fedora-gcc 0.1.0 80.35 NOTE
r-devel-windows-x86_64 0.1.0 8.00 69.00 77.00 NOTE
r-patched-linux-x86_64 0.1.0 5.92 49.36 55.28 NOTE
r-release-linux-x86_64 NOTE
r-release-macos-arm64 0.1.0 25.00 NOTE
r-release-macos-x86_64 0.1.0 48.00 NOTE
r-release-windows-x86_64 0.1.0 8.00 68.00 76.00 NOTE
r-oldrel-macos-arm64 0.1.0 26.00 OK
r-oldrel-macos-x86_64 0.1.0 43.00 OK
r-oldrel-windows-x86_64 0.1.0 10.00 87.00 97.00 OK

Check Details

Version: 0.1.0
Check: DESCRIPTION meta-information
Result: NOTE Missing dependency on R >= 4.1.0 because package code uses the pipe |> or function shorthand \(...) syntax added in R 4.1.0. File(s) using such syntax: ‘HeatMap.R’ Flavors: r-devel-linux-x86_64-debian-clang, r-devel-linux-x86_64-debian-gcc, r-devel-linux-x86_64-fedora-clang, r-devel-linux-x86_64-fedora-gcc, r-devel-windows-x86_64, r-patched-linux-x86_64, r-release-linux-x86_64, r-release-macos-arm64, r-release-macos-x86_64, r-release-windows-x86_64

These binaries (installable software) and packages are in development.
They may not be fully stable and should be used with caution. We make no claims about them.