Last updated on 2025-02-16 10:50:45 CET.
Flavor | Version | Tinstall | Tcheck | Ttotal | Status | Flags |
---|---|---|---|---|---|---|
r-devel-linux-x86_64-debian-clang | 0.1.0 | 5.76 | 47.17 | 52.93 | NOTE | |
r-devel-linux-x86_64-debian-gcc | 0.1.0 | 3.89 | 35.18 | 39.07 | NOTE | |
r-devel-linux-x86_64-fedora-clang | 0.1.0 | 84.57 | NOTE | |||
r-devel-linux-x86_64-fedora-gcc | 0.1.0 | 80.24 | NOTE | |||
r-devel-macos-arm64 | 0.1.0 | 26.00 | OK | |||
r-devel-macos-x86_64 | 0.1.0 | 48.00 | NOTE | |||
r-devel-windows-x86_64 | 0.1.0 | 8.00 | 65.00 | 73.00 | NOTE | |
r-patched-linux-x86_64 | 0.1.0 | 5.22 | 43.45 | 48.67 | OK | |
r-release-linux-x86_64 | 0.1.0 | 5.63 | 42.52 | 48.15 | OK | |
r-release-macos-arm64 | 0.1.0 | 26.00 | OK | |||
r-release-macos-x86_64 | 0.1.0 | 43.00 | OK | |||
r-release-windows-x86_64 | 0.1.0 | 7.00 | 64.00 | 71.00 | OK | |
r-oldrel-macos-arm64 | 0.1.0 | 32.00 | OK | |||
r-oldrel-macos-x86_64 | 0.1.0 | 55.00 | OK | |||
r-oldrel-windows-x86_64 | 0.1.0 | 9.00 | 73.00 | 82.00 | OK |
Version: 0.1.0
Check: DESCRIPTION meta-information
Result: NOTE
Missing dependency on R >= 4.1.0 because package code uses the pipe
|> or function shorthand \(...) syntax added in R 4.1.0.
File(s) using such syntax:
‘HeatMap.R’
Flavors: r-devel-linux-x86_64-debian-clang, r-devel-linux-x86_64-debian-gcc, r-devel-linux-x86_64-fedora-clang, r-devel-linux-x86_64-fedora-gcc, r-devel-macos-x86_64, r-devel-windows-x86_64
These binaries (installable software) and packages are in development.
They may not be fully stable and should be used with caution. We make no claims about them.