Last updated on 2025-10-09 21:50:16 CEST.
Flavor | Version | Tinstall | Tcheck | Ttotal | Status | Flags |
---|---|---|---|---|---|---|
r-devel-linux-x86_64-debian-clang | 0.1.3 | 10.97 | 380.22 | 391.19 | NOTE | |
r-devel-linux-x86_64-debian-gcc | 0.1.3 | 7.39 | 224.40 | 231.79 | NOTE | |
r-devel-linux-x86_64-fedora-clang | 0.1.3 | 632.14 | NOTE | |||
r-devel-linux-x86_64-fedora-gcc | 0.1.3 | 622.65 | NOTE | |||
r-devel-windows-x86_64 | 0.1.3 | 12.00 | 397.00 | 409.00 | NOTE | |
r-patched-linux-x86_64 | 0.1.3 | 9.41 | 353.29 | 362.70 | NOTE | |
r-release-linux-x86_64 | 0.1.3 | 9.80 | 356.96 | 366.76 | NOTE | |
r-release-macos-arm64 | 0.1.3 | 159.00 | NOTE | |||
r-release-macos-x86_64 | 0.1.3 | 350.00 | NOTE | |||
r-release-windows-x86_64 | 0.1.3 | 12.00 | 384.00 | 396.00 | NOTE | |
r-oldrel-macos-arm64 | 0.1.3 | 142.00 | NOTE | |||
r-oldrel-macos-x86_64 | 0.1.3 | 246.00 | NOTE | |||
r-oldrel-windows-x86_64 | 0.1.3 | 15.00 | 552.00 | 567.00 | NOTE |
Version: 0.1.3
Check: Rd files
Result: NOTE
checkRd: (-1) metrics.Rd:124: Lost braces
124 | Avg = 0.5 (sum | P_i - Q_i| + max{ | P_i - Q_i |})
| ^
Flavors: r-devel-linux-x86_64-debian-clang, r-devel-linux-x86_64-debian-gcc, r-devel-linux-x86_64-fedora-clang, r-devel-linux-x86_64-fedora-gcc, r-devel-windows-x86_64, r-patched-linux-x86_64, r-release-linux-x86_64, r-release-macos-arm64, r-release-macos-x86_64, r-release-windows-x86_64, r-oldrel-macos-arm64, r-oldrel-macos-x86_64, r-oldrel-windows-x86_64
These binaries (installable software) and packages are in development.
They may not be fully stable and should be used with caution. We make no claims about them.