Last updated on 2025-11-11 15:50:33 CET.
| Flavor | Version | Tinstall | Tcheck | Ttotal | Status | Flags |
|---|---|---|---|---|---|---|
| r-devel-linux-x86_64-debian-clang | 0.1.3 | 9.72 | 394.34 | 404.06 | NOTE | |
| r-devel-linux-x86_64-debian-gcc | 0.1.3 | 6.98 | 234.22 | 241.20 | NOTE | |
| r-devel-linux-x86_64-fedora-clang | 0.1.3 | 29.00 | 643.75 | 672.75 | NOTE | |
| r-devel-linux-x86_64-fedora-gcc | 0.1.3 | 27.00 | 610.88 | 637.88 | NOTE | |
| r-devel-windows-x86_64 | 0.1.3 | 12.00 | 394.00 | 406.00 | NOTE | |
| r-patched-linux-x86_64 | 0.1.3 | 9.82 | 365.55 | 375.37 | NOTE | |
| r-release-linux-x86_64 | 0.1.3 | 9.67 | 362.62 | 372.29 | NOTE | |
| r-release-macos-arm64 | 0.1.3 | 5.00 | 154.00 | 159.00 | NOTE | |
| r-release-macos-x86_64 | 0.1.3 | 10.00 | 340.00 | 350.00 | NOTE | |
| r-release-windows-x86_64 | 0.1.3 | 13.00 | 386.00 | 399.00 | NOTE | |
| r-oldrel-macos-arm64 | 0.1.3 | 4.00 | 138.00 | 142.00 | NOTE | |
| r-oldrel-macos-x86_64 | 0.1.3 | 7.00 | 239.00 | 246.00 | NOTE | |
| r-oldrel-windows-x86_64 | 0.1.3 | 15.00 | 567.00 | 582.00 | NOTE |
Version: 0.1.3
Check: Rd files
Result: NOTE
checkRd: (-1) metrics.Rd:124: Lost braces
124 | Avg = 0.5 (sum | P_i - Q_i| + max{ | P_i - Q_i |})
| ^
Flavors: r-devel-linux-x86_64-debian-clang, r-devel-linux-x86_64-debian-gcc, r-devel-linux-x86_64-fedora-clang, r-devel-linux-x86_64-fedora-gcc, r-devel-windows-x86_64, r-patched-linux-x86_64, r-release-linux-x86_64, r-release-macos-arm64, r-release-macos-x86_64, r-release-windows-x86_64, r-oldrel-macos-arm64, r-oldrel-macos-x86_64, r-oldrel-windows-x86_64
These binaries (installable software) and packages are in development.
They may not be fully stable and should be used with caution. We make no claims about them.