Last updated on 2025-10-24 19:50:32 CEST.
| Flavor | Version | Tinstall | Tcheck | Ttotal | Status | Flags |
|---|---|---|---|---|---|---|
| r-devel-linux-x86_64-debian-clang | 1.5 | 2.61 | 27.78 | 30.39 | NOTE | |
| r-devel-linux-x86_64-debian-gcc | 1.5 | 1.92 | 22.36 | 24.28 | NOTE | |
| r-devel-linux-x86_64-fedora-clang | 1.5 | 44.24 | OK | |||
| r-devel-linux-x86_64-fedora-gcc | 1.5 | 44.05 | OK | |||
| r-devel-windows-x86_64 | 1.5 | 4.00 | 45.00 | 49.00 | OK | |
| r-patched-linux-x86_64 | 1.5 | 2.53 | 26.48 | 29.01 | OK | |
| r-release-linux-x86_64 | 1.5 | 2.38 | 26.52 | 28.90 | OK | |
| r-release-macos-arm64 | 1.5 | 2.00 | 18.00 | 20.00 | OK | |
| r-release-macos-x86_64 | 1.5 | 3.00 | 28.00 | 31.00 | OK | |
| r-release-windows-x86_64 | 1.5 | 5.00 | 48.00 | 53.00 | OK | |
| r-oldrel-macos-arm64 | 1.5 | 2.00 | 17.00 | 19.00 | OK | |
| r-oldrel-macos-x86_64 | 1.5 | 2.00 | 23.00 | 25.00 | OK | |
| r-oldrel-windows-x86_64 | 1.5 | 3.00 | 56.00 | 59.00 | OK |
Version: 1.5
Check: CRAN incoming feasibility
Result: NOTE
Maintainer: ‘Castor Guisande Gonzalez <castor@uvigo.es>’
No Authors@R field in DESCRIPTION.
Please add one, modifying
Authors@R: person(given = c("Castor", "Guisande"),
family = "Gonzalez",
role = c("aut", "cre"),
email = "castor@uvigo.es")
as necessary.
Flavors: r-devel-linux-x86_64-debian-clang, r-devel-linux-x86_64-debian-gcc
These binaries (installable software) and packages are in development.
They may not be fully stable and should be used with caution. We make no claims about them.