Last updated on 2025-05-24 17:52:04 CEST.
Flavor | Version | Tinstall | Tcheck | Ttotal | Status | Flags |
---|---|---|---|---|---|---|
r-devel-linux-x86_64-debian-clang | 3.1.0 | 64.35 | 438.32 | 502.67 | OK | |
r-devel-linux-x86_64-debian-gcc | 3.1.0 | 37.15 | 268.00 | 305.15 | OK | |
r-devel-linux-x86_64-fedora-clang | 3.1.0 | 795.20 | OK | |||
r-devel-linux-x86_64-fedora-gcc | 3.1.0 | 787.89 | OK | |||
r-devel-windows-x86_64 | 3.1.0 | 66.00 | 527.00 | 593.00 | OK | |
r-patched-linux-x86_64 | 3.1.0 | 91.18 | 406.76 | 497.94 | OK | |
r-release-linux-x86_64 | 3.1.0 | 57.15 | 407.08 | 464.23 | OK | |
r-release-macos-arm64 | 3.1.0 | 161.00 | OK | |||
r-release-macos-x86_64 | 3.1.0 | 379.00 | OK | |||
r-release-windows-x86_64 | 3.1.0 | 65.00 | 657.00 | 722.00 | OK | |
r-oldrel-macos-arm64 | 3.1.0 | 161.00 | NOTE | |||
r-oldrel-macos-x86_64 | 3.1.0 | 365.00 | NOTE | |||
r-oldrel-windows-x86_64 | 3.1.0 | 89.00 | 629.00 | 718.00 | NOTE |
Version: 3.1.0
Check: installed package size
Result: NOTE
installed size is 7.6Mb
sub-directories of 1Mb or more:
R 3.1Mb
help 3.9Mb
Flavors: r-oldrel-macos-arm64, r-oldrel-macos-x86_64, r-oldrel-windows-x86_64
These binaries (installable software) and packages are in development.
They may not be fully stable and should be used with caution. We make no claims about them.