Last updated on 2025-02-16 10:50:45 CET.
Flavor | Version | Tinstall | Tcheck | Ttotal | Status | Flags |
---|---|---|---|---|---|---|
r-devel-linux-x86_64-debian-clang | 3.0.0 | 63.60 | 433.96 | 497.56 | OK | |
r-devel-linux-x86_64-debian-gcc | 3.0.0 | 37.38 | 262.70 | 300.08 | OK | |
r-devel-linux-x86_64-fedora-clang | 3.0.0 | 835.19 | OK | |||
r-devel-linux-x86_64-fedora-gcc | 3.0.0 | 747.73 | OK | |||
r-devel-macos-arm64 | 3.0.0 | 166.00 | OK | |||
r-devel-macos-x86_64 | 3.0.0 | 395.00 | OK | |||
r-devel-windows-x86_64 | 3.0.0 | 64.00 | 518.00 | 582.00 | OK | |
r-patched-linux-x86_64 | 3.0.0 | 86.56 | 402.21 | 488.77 | OK | |
r-release-linux-x86_64 | 3.0.0 | 57.37 | 406.14 | 463.51 | OK | |
r-release-macos-arm64 | 3.0.0 | 181.00 | NOTE | |||
r-release-macos-x86_64 | 3.0.0 | 398.00 | NOTE | |||
r-release-windows-x86_64 | 3.0.0 | 60.00 | 500.00 | 560.00 | NOTE | |
r-oldrel-macos-arm64 | 3.0.0 | 193.00 | NOTE | |||
r-oldrel-macos-x86_64 | 3.0.0 | 350.00 | NOTE | |||
r-oldrel-windows-x86_64 | 3.0.0 | 86.00 | 636.00 | 722.00 | NOTE |
Version: 3.0.0
Check: installed package size
Result: NOTE
installed size is 7.9Mb
sub-directories of 1Mb or more:
R 3.0Mb
help 4.1Mb
Flavors: r-release-macos-arm64, r-release-macos-x86_64, r-release-windows-x86_64, r-oldrel-macos-arm64, r-oldrel-macos-x86_64, r-oldrel-windows-x86_64
These binaries (installable software) and packages are in development.
They may not be fully stable and should be used with caution. We make no claims about them.